{"id":1959,"date":"2021-11-30T12:26:26","date_gmt":"2021-11-30T14:26:26","guid":{"rendered":"https:\/\/museuflorestal.ambiente.sp.gov.br\/acervo\/?post_type=tnc_col_329_item&#038;p=1959"},"modified":"2021-11-30T12:26:28","modified_gmt":"2021-11-30T14:26:28","slug":"cadeira-de-madeira-com-braco","status":"publish","type":"tnc_col_329_item","link":"https:\/\/museuflorestal.ambiente.sp.gov.br\/acervo\/museu-florestal-octavio-vecchi\/cadeira-de-madeira-com-braco\/","title":{"rendered":"Cadeira de madeira com bra\u00e7o"},"content":{"rendered":"<p>Cadeira de escrit\u00f3rio girat\u00f3ria e reclin\u00e1vel de 1930, encosto ripado e um assento moldado. Possui duas placas de patrim\u00f4nio met\u00e1lica no encosto com as inscri\u00e7\u00f5es &#8220;D. E. M. A. 148&#8221; e &#8220;D. T. C. I. 38&#8221;.<\/p>\n","protected":false},"featured_media":1962,"parent":0,"menu_order":0,"comment_status":"closed","ping_status":"closed","template":"","format":"standard","_links":{"self":[{"href":"https:\/\/museuflorestal.ambiente.sp.gov.br\/acervo\/wp-json\/wp\/v2\/tnc_col_329_item\/1959"}],"collection":[{"href":"https:\/\/museuflorestal.ambiente.sp.gov.br\/acervo\/wp-json\/wp\/v2\/tnc_col_329_item"}],"about":[{"href":"https:\/\/museuflorestal.ambiente.sp.gov.br\/acervo\/wp-json\/wp\/v2\/types\/tnc_col_329_item"}],"replies":[{"embeddable":true,"href":"https:\/\/museuflorestal.ambiente.sp.gov.br\/acervo\/wp-json\/wp\/v2\/comments?post=1959"}],"version-history":[{"count":0,"href":"https:\/\/museuflorestal.ambiente.sp.gov.br\/acervo\/wp-json\/wp\/v2\/tnc_col_329_item\/1959\/revisions"}],"wp:featuredmedia":[{"embeddable":true,"href":"https:\/\/museuflorestal.ambiente.sp.gov.br\/acervo\/wp-json\/wp\/v2\/media\/1962"}],"wp:attachment":[{"href":"https:\/\/museuflorestal.ambiente.sp.gov.br\/acervo\/wp-json\/wp\/v2\/media?parent=1959"}],"curies":[{"name":"wp","href":"https:\/\/api.w.org\/{rel}","templated":true}]}}

Cadeira de madeira com braço

<p>Cadeira de escritório giratória e reclinável de 1930, encosto ripado e um assento moldado. Possui duas placas de patrimônio metálica no encosto com as inscrições &#8220;D. E. M. A. 148&#8221; e &#8220;D. T. C. I. 38&#8221;.</p>
