{"id":19818,"date":"2021-12-01T01:01:47","date_gmt":"2021-12-01T03:01:47","guid":{"rendered":"https:\/\/museuflorestal.ambiente.sp.gov.br\/acervo\/?post_type=tnc_col_329_item&#038;p=19818"},"modified":"2021-12-01T01:01:48","modified_gmt":"2021-12-01T03:01:48","slug":"sem-titulo-135","status":"publish","type":"tnc_col_329_item","link":"https:\/\/museuflorestal.ambiente.sp.gov.br\/acervo\/museu-florestal-octavio-vecchi\/sem-titulo-135\/","title":{"rendered":"Sem t\u00edtulo"},"content":{"rendered":"<p>Impress\u00e3o monocrom\u00e1tica azul de mariposa. Abaixo do desenho, inscri\u00e7\u00e3o a l\u00e1pis &#8220;1\/5&#8221; e assinatura &#8220;Arouche 2019&#8221;.<\/p>\n","protected":false},"featured_media":19821,"parent":0,"menu_order":0,"comment_status":"closed","ping_status":"closed","template":"","format":"standard","_links":{"self":[{"href":"https:\/\/museuflorestal.ambiente.sp.gov.br\/acervo\/wp-json\/wp\/v2\/tnc_col_329_item\/19818"}],"collection":[{"href":"https:\/\/museuflorestal.ambiente.sp.gov.br\/acervo\/wp-json\/wp\/v2\/tnc_col_329_item"}],"about":[{"href":"https:\/\/museuflorestal.ambiente.sp.gov.br\/acervo\/wp-json\/wp\/v2\/types\/tnc_col_329_item"}],"replies":[{"embeddable":true,"href":"https:\/\/museuflorestal.ambiente.sp.gov.br\/acervo\/wp-json\/wp\/v2\/comments?post=19818"}],"version-history":[{"count":0,"href":"https:\/\/museuflorestal.ambiente.sp.gov.br\/acervo\/wp-json\/wp\/v2\/tnc_col_329_item\/19818\/revisions"}],"wp:featuredmedia":[{"embeddable":true,"href":"https:\/\/museuflorestal.ambiente.sp.gov.br\/acervo\/wp-json\/wp\/v2\/media\/19821"}],"wp:attachment":[{"href":"https:\/\/museuflorestal.ambiente.sp.gov.br\/acervo\/wp-json\/wp\/v2\/media?parent=19818"}],"curies":[{"name":"wp","href":"https:\/\/api.w.org\/{rel}","templated":true}]}}

Sem título

<p>Impressão monocromática azul de mariposa. Abaixo do desenho, inscrição a lápis &#8220;1/5&#8221; e assinatura &#8220;Arouche 2019&#8221;.</p>
