{"id":19823,"date":"2021-12-01T01:01:49","date_gmt":"2021-12-01T03:01:49","guid":{"rendered":"https:\/\/museuflorestal.ambiente.sp.gov.br\/acervo\/?post_type=tnc_col_329_item&#038;p=19823"},"modified":"2021-12-01T01:01:50","modified_gmt":"2021-12-01T03:01:50","slug":"araucaria-e-o-vitral","status":"publish","type":"tnc_col_329_item","link":"https:\/\/museuflorestal.ambiente.sp.gov.br\/acervo\/museu-florestal-octavio-vecchi\/araucaria-e-o-vitral\/","title":{"rendered":"Arauc\u00e1ria e o vitral"},"content":{"rendered":"<p>Gravura monocrom\u00e1tica branca de vitral com borboleta e arauc\u00e1ria no fundo. Abaixo do desenho, a l\u00e1pis, inscri\u00e7\u00e3o &#8220;1\/5 Arauc\u00e1ria e o vitral&#8221; e assinatura.<\/p>\n","protected":false},"featured_media":19826,"parent":0,"menu_order":0,"comment_status":"closed","ping_status":"closed","template":"","format":"standard","_links":{"self":[{"href":"https:\/\/museuflorestal.ambiente.sp.gov.br\/acervo\/wp-json\/wp\/v2\/tnc_col_329_item\/19823"}],"collection":[{"href":"https:\/\/museuflorestal.ambiente.sp.gov.br\/acervo\/wp-json\/wp\/v2\/tnc_col_329_item"}],"about":[{"href":"https:\/\/museuflorestal.ambiente.sp.gov.br\/acervo\/wp-json\/wp\/v2\/types\/tnc_col_329_item"}],"replies":[{"embeddable":true,"href":"https:\/\/museuflorestal.ambiente.sp.gov.br\/acervo\/wp-json\/wp\/v2\/comments?post=19823"}],"version-history":[{"count":0,"href":"https:\/\/museuflorestal.ambiente.sp.gov.br\/acervo\/wp-json\/wp\/v2\/tnc_col_329_item\/19823\/revisions"}],"wp:featuredmedia":[{"embeddable":true,"href":"https:\/\/museuflorestal.ambiente.sp.gov.br\/acervo\/wp-json\/wp\/v2\/media\/19826"}],"wp:attachment":[{"href":"https:\/\/museuflorestal.ambiente.sp.gov.br\/acervo\/wp-json\/wp\/v2\/media?parent=19823"}],"curies":[{"name":"wp","href":"https:\/\/api.w.org\/{rel}","templated":true}]}}

Araucária e o vitral

<p>Gravura monocromática branca de vitral com borboleta e araucária no fundo. Abaixo do desenho, a lápis, inscrição &#8220;1/5 Araucária e o vitral&#8221; e assinatura.</p>
