{"id":19828,"date":"2021-12-01T01:01:50","date_gmt":"2021-12-01T03:01:50","guid":{"rendered":"https:\/\/museuflorestal.ambiente.sp.gov.br\/acervo\/?post_type=tnc_col_329_item&#038;p=19828"},"modified":"2021-12-01T01:01:51","modified_gmt":"2021-12-01T03:01:51","slug":"sem-titulo-136","status":"publish","type":"tnc_col_329_item","link":"https:\/\/museuflorestal.ambiente.sp.gov.br\/acervo\/museu-florestal-octavio-vecchi\/sem-titulo-136\/","title":{"rendered":"Sem t\u00edtulo"},"content":{"rendered":"<p>Gravura monocrom\u00e1tica preta de tronco de \u00e1rvore. Abaixo do desenho, inscri\u00e7\u00e3o a l\u00e1pis &#8220;p\/ 1\/7 ileg\u00edvel&#8221; e assinatura &#8220;Altina Felicio 2019&#8221;.<\/p>\n","protected":false},"featured_media":19832,"parent":0,"menu_order":0,"comment_status":"closed","ping_status":"closed","template":"","format":"standard","_links":{"self":[{"href":"https:\/\/museuflorestal.ambiente.sp.gov.br\/acervo\/wp-json\/wp\/v2\/tnc_col_329_item\/19828"}],"collection":[{"href":"https:\/\/museuflorestal.ambiente.sp.gov.br\/acervo\/wp-json\/wp\/v2\/tnc_col_329_item"}],"about":[{"href":"https:\/\/museuflorestal.ambiente.sp.gov.br\/acervo\/wp-json\/wp\/v2\/types\/tnc_col_329_item"}],"replies":[{"embeddable":true,"href":"https:\/\/museuflorestal.ambiente.sp.gov.br\/acervo\/wp-json\/wp\/v2\/comments?post=19828"}],"version-history":[{"count":0,"href":"https:\/\/museuflorestal.ambiente.sp.gov.br\/acervo\/wp-json\/wp\/v2\/tnc_col_329_item\/19828\/revisions"}],"wp:featuredmedia":[{"embeddable":true,"href":"https:\/\/museuflorestal.ambiente.sp.gov.br\/acervo\/wp-json\/wp\/v2\/media\/19832"}],"wp:attachment":[{"href":"https:\/\/museuflorestal.ambiente.sp.gov.br\/acervo\/wp-json\/wp\/v2\/media?parent=19828"}],"curies":[{"name":"wp","href":"https:\/\/api.w.org\/{rel}","templated":true}]}}

Sem título

<p>Gravura monocromática preta de tronco de árvore. Abaixo do desenho, inscrição a lápis &#8220;p/ 1/7 ilegível&#8221; e assinatura &#8220;Altina Felicio 2019&#8221;.</p>
