{"id":19834,"date":"2021-12-01T01:01:52","date_gmt":"2021-12-01T03:01:52","guid":{"rendered":"https:\/\/museuflorestal.ambiente.sp.gov.br\/acervo\/?post_type=tnc_col_329_item&#038;p=19834"},"modified":"2021-12-01T01:01:53","modified_gmt":"2021-12-01T03:01:53","slug":"surdo","status":"publish","type":"tnc_col_329_item","link":"https:\/\/museuflorestal.ambiente.sp.gov.br\/acervo\/museu-florestal-octavio-vecchi\/surdo\/","title":{"rendered":"Surdo"},"content":{"rendered":"<p>Impress\u00e3o monocrom\u00e1tica preta de figura de chap\u00e9u e \u00f3culos segurando trombeta auditiva no ouvido esquerdo. Abaixo do desenho inscri\u00e7\u00e3o a l\u00e1pis &#8220;1, Surdo&#8221; e assinatura.<\/p>\n","protected":false},"featured_media":19840,"parent":0,"menu_order":0,"comment_status":"closed","ping_status":"closed","template":"","format":"standard","_links":{"self":[{"href":"https:\/\/museuflorestal.ambiente.sp.gov.br\/acervo\/wp-json\/wp\/v2\/tnc_col_329_item\/19834"}],"collection":[{"href":"https:\/\/museuflorestal.ambiente.sp.gov.br\/acervo\/wp-json\/wp\/v2\/tnc_col_329_item"}],"about":[{"href":"https:\/\/museuflorestal.ambiente.sp.gov.br\/acervo\/wp-json\/wp\/v2\/types\/tnc_col_329_item"}],"replies":[{"embeddable":true,"href":"https:\/\/museuflorestal.ambiente.sp.gov.br\/acervo\/wp-json\/wp\/v2\/comments?post=19834"}],"version-history":[{"count":0,"href":"https:\/\/museuflorestal.ambiente.sp.gov.br\/acervo\/wp-json\/wp\/v2\/tnc_col_329_item\/19834\/revisions"}],"wp:featuredmedia":[{"embeddable":true,"href":"https:\/\/museuflorestal.ambiente.sp.gov.br\/acervo\/wp-json\/wp\/v2\/media\/19840"}],"wp:attachment":[{"href":"https:\/\/museuflorestal.ambiente.sp.gov.br\/acervo\/wp-json\/wp\/v2\/media?parent=19834"}],"curies":[{"name":"wp","href":"https:\/\/api.w.org\/{rel}","templated":true}]}}

<p>Impressão monocromática preta de figura de chapéu e óculos segurando trombeta auditiva no ouvido esquerdo. Abaixo do desenho inscrição a lápis &#8220;1, Surdo&#8221; e assinatura.</p>
