{"id":19842,"date":"2021-12-01T01:01:53","date_gmt":"2021-12-01T03:01:53","guid":{"rendered":"https:\/\/museuflorestal.ambiente.sp.gov.br\/acervo\/?post_type=tnc_col_329_item&#038;p=19842"},"modified":"2021-12-01T01:01:54","modified_gmt":"2021-12-01T03:01:54","slug":"a-arvore","status":"publish","type":"tnc_col_329_item","link":"https:\/\/museuflorestal.ambiente.sp.gov.br\/acervo\/museu-florestal-octavio-vecchi\/a-arvore\/","title":{"rendered":"A \u00e1rvore"},"content":{"rendered":"<p>Gravura em cores de abstra\u00e7\u00e3o. No verso, inscri\u00e7\u00e3o a l\u00e1pis &#8220;Ana Alice Francisquetti, t\u00e9cnica: sobre plate, chine coll\u00e9, t\u00edtulo: A Arvore&#8221; e carimbo &#8220;Ateli\u00ea Ana Alice Francisquetti&#8221;.<\/p>\n","protected":false},"featured_media":19845,"parent":0,"menu_order":0,"comment_status":"closed","ping_status":"closed","template":"","format":"standard","_links":{"self":[{"href":"https:\/\/museuflorestal.ambiente.sp.gov.br\/acervo\/wp-json\/wp\/v2\/tnc_col_329_item\/19842"}],"collection":[{"href":"https:\/\/museuflorestal.ambiente.sp.gov.br\/acervo\/wp-json\/wp\/v2\/tnc_col_329_item"}],"about":[{"href":"https:\/\/museuflorestal.ambiente.sp.gov.br\/acervo\/wp-json\/wp\/v2\/types\/tnc_col_329_item"}],"replies":[{"embeddable":true,"href":"https:\/\/museuflorestal.ambiente.sp.gov.br\/acervo\/wp-json\/wp\/v2\/comments?post=19842"}],"version-history":[{"count":0,"href":"https:\/\/museuflorestal.ambiente.sp.gov.br\/acervo\/wp-json\/wp\/v2\/tnc_col_329_item\/19842\/revisions"}],"wp:featuredmedia":[{"embeddable":true,"href":"https:\/\/museuflorestal.ambiente.sp.gov.br\/acervo\/wp-json\/wp\/v2\/media\/19845"}],"wp:attachment":[{"href":"https:\/\/museuflorestal.ambiente.sp.gov.br\/acervo\/wp-json\/wp\/v2\/media?parent=19842"}],"curies":[{"name":"wp","href":"https:\/\/api.w.org\/{rel}","templated":true}]}}

A árvore

<p>Gravura em cores de abstração. No verso, inscrição a lápis &#8220;Ana Alice Francisquetti, técnica: sobre plate, chine collé, título: A Arvore&#8221; e carimbo &#8220;Ateliê Ana Alice Francisquetti&#8221;.</p>
