{"id":19853,"date":"2021-12-01T01:02:00","date_gmt":"2021-12-01T03:02:00","guid":{"rendered":"https:\/\/museuflorestal.ambiente.sp.gov.br\/acervo\/?post_type=tnc_col_329_item&#038;p=19853"},"modified":"2021-12-01T01:02:03","modified_gmt":"2021-12-01T03:02:03","slug":"cortejo","status":"publish","type":"tnc_col_329_item","link":"https:\/\/museuflorestal.ambiente.sp.gov.br\/acervo\/museu-florestal-octavio-vecchi\/cortejo\/","title":{"rendered":"Cortejo"},"content":{"rendered":"<p>Gravura monocrom\u00e1tica branca sobre fundo preto de dois pav\u00f5es. Abaixo do desenho, inscri\u00e7\u00e3o a l\u00e1pis &#8220;Cortejo&#8221;, &#8220;Museu Horto Florestal S\u00e3o Paulo&#8221;, &#8220;1\/10 xilogravura&#8221; e assinatura &#8220;Gertner 19&#8221;.<\/p>\n","protected":false},"featured_media":19858,"parent":0,"menu_order":0,"comment_status":"closed","ping_status":"closed","template":"","format":"standard","_links":{"self":[{"href":"https:\/\/museuflorestal.ambiente.sp.gov.br\/acervo\/wp-json\/wp\/v2\/tnc_col_329_item\/19853"}],"collection":[{"href":"https:\/\/museuflorestal.ambiente.sp.gov.br\/acervo\/wp-json\/wp\/v2\/tnc_col_329_item"}],"about":[{"href":"https:\/\/museuflorestal.ambiente.sp.gov.br\/acervo\/wp-json\/wp\/v2\/types\/tnc_col_329_item"}],"replies":[{"embeddable":true,"href":"https:\/\/museuflorestal.ambiente.sp.gov.br\/acervo\/wp-json\/wp\/v2\/comments?post=19853"}],"version-history":[{"count":0,"href":"https:\/\/museuflorestal.ambiente.sp.gov.br\/acervo\/wp-json\/wp\/v2\/tnc_col_329_item\/19853\/revisions"}],"wp:featuredmedia":[{"embeddable":true,"href":"https:\/\/museuflorestal.ambiente.sp.gov.br\/acervo\/wp-json\/wp\/v2\/media\/19858"}],"wp:attachment":[{"href":"https:\/\/museuflorestal.ambiente.sp.gov.br\/acervo\/wp-json\/wp\/v2\/media?parent=19853"}],"curies":[{"name":"wp","href":"https:\/\/api.w.org\/{rel}","templated":true}]}}

<p>Gravura monocromática branca sobre fundo preto de dois pavões. Abaixo do desenho, inscrição a lápis &#8220;Cortejo&#8221;, &#8220;Museu Horto Florestal São Paulo&#8221;, &#8220;1/10 xilogravura&#8221; e assinatura &#8220;Gertner 19&#8221;.</p>
