{"id":19946,"date":"2021-12-01T01:02:38","date_gmt":"2021-12-01T03:02:38","guid":{"rendered":"https:\/\/museuflorestal.ambiente.sp.gov.br\/acervo\/?post_type=tnc_col_329_item&#038;p=19946"},"modified":"2021-12-01T01:02:39","modified_gmt":"2021-12-01T03:02:39","slug":"busto-de-octavio-vecchi-3","status":"publish","type":"tnc_col_329_item","link":"https:\/\/museuflorestal.ambiente.sp.gov.br\/acervo\/museu-florestal-octavio-vecchi\/busto-de-octavio-vecchi-3\/","title":{"rendered":"Busto de Oct\u00e1vio Vecchi"},"content":{"rendered":"<p>Xilogravura em preto e vermelho de rosto de Oct\u00e1vio Vecchi. No canto inferior esquerdo, inscri\u00e7\u00e3o &#8220;1\/5&#8221; e assinatura no canto inferior direito.<\/p>\n","protected":false},"featured_media":19949,"parent":0,"menu_order":0,"comment_status":"closed","ping_status":"closed","template":"","format":"standard","_links":{"self":[{"href":"https:\/\/museuflorestal.ambiente.sp.gov.br\/acervo\/wp-json\/wp\/v2\/tnc_col_329_item\/19946"}],"collection":[{"href":"https:\/\/museuflorestal.ambiente.sp.gov.br\/acervo\/wp-json\/wp\/v2\/tnc_col_329_item"}],"about":[{"href":"https:\/\/museuflorestal.ambiente.sp.gov.br\/acervo\/wp-json\/wp\/v2\/types\/tnc_col_329_item"}],"replies":[{"embeddable":true,"href":"https:\/\/museuflorestal.ambiente.sp.gov.br\/acervo\/wp-json\/wp\/v2\/comments?post=19946"}],"version-history":[{"count":0,"href":"https:\/\/museuflorestal.ambiente.sp.gov.br\/acervo\/wp-json\/wp\/v2\/tnc_col_329_item\/19946\/revisions"}],"wp:featuredmedia":[{"embeddable":true,"href":"https:\/\/museuflorestal.ambiente.sp.gov.br\/acervo\/wp-json\/wp\/v2\/media\/19949"}],"wp:attachment":[{"href":"https:\/\/museuflorestal.ambiente.sp.gov.br\/acervo\/wp-json\/wp\/v2\/media?parent=19946"}],"curies":[{"name":"wp","href":"https:\/\/api.w.org\/{rel}","templated":true}]}}

Busto de Octávio Vecchi

<p>Xilogravura em preto e vermelho de rosto de Octávio Vecchi. No canto inferior esquerdo, inscrição &#8220;1/5&#8221; e assinatura no canto inferior direito.</p>
