{"id":19957,"date":"2021-12-01T01:02:41","date_gmt":"2021-12-01T03:02:41","guid":{"rendered":"https:\/\/museuflorestal.ambiente.sp.gov.br\/acervo\/?post_type=tnc_col_329_item&#038;p=19957"},"modified":"2021-12-01T01:02:42","modified_gmt":"2021-12-01T03:02:42","slug":"piso-sem-chao","status":"publish","type":"tnc_col_329_item","link":"https:\/\/museuflorestal.ambiente.sp.gov.br\/acervo\/museu-florestal-octavio-vecchi\/piso-sem-chao\/","title":{"rendered":"Piso sem ch\u00e3o"},"content":{"rendered":"<p>Fotogravura de padr\u00e3o geom\u00e9trico. Abaixo do desenho, inscri\u00e7\u00e3o a l\u00e1pis &#8220;1\/5 Piso sem ch\u00e3o&#8221; e assinatura.<\/p>\n","protected":false},"featured_media":19960,"parent":0,"menu_order":0,"comment_status":"closed","ping_status":"closed","template":"","format":"standard","_links":{"self":[{"href":"https:\/\/museuflorestal.ambiente.sp.gov.br\/acervo\/wp-json\/wp\/v2\/tnc_col_329_item\/19957"}],"collection":[{"href":"https:\/\/museuflorestal.ambiente.sp.gov.br\/acervo\/wp-json\/wp\/v2\/tnc_col_329_item"}],"about":[{"href":"https:\/\/museuflorestal.ambiente.sp.gov.br\/acervo\/wp-json\/wp\/v2\/types\/tnc_col_329_item"}],"replies":[{"embeddable":true,"href":"https:\/\/museuflorestal.ambiente.sp.gov.br\/acervo\/wp-json\/wp\/v2\/comments?post=19957"}],"version-history":[{"count":0,"href":"https:\/\/museuflorestal.ambiente.sp.gov.br\/acervo\/wp-json\/wp\/v2\/tnc_col_329_item\/19957\/revisions"}],"wp:featuredmedia":[{"embeddable":true,"href":"https:\/\/museuflorestal.ambiente.sp.gov.br\/acervo\/wp-json\/wp\/v2\/media\/19960"}],"wp:attachment":[{"href":"https:\/\/museuflorestal.ambiente.sp.gov.br\/acervo\/wp-json\/wp\/v2\/media?parent=19957"}],"curies":[{"name":"wp","href":"https:\/\/api.w.org\/{rel}","templated":true}]}}

Piso sem chão

<p>Fotogravura de padrão geométrico. Abaixo do desenho, inscrição a lápis &#8220;1/5 Piso sem chão&#8221; e assinatura.</p>
