{"id":20019,"date":"2021-12-01T01:03:03","date_gmt":"2021-12-01T03:03:03","guid":{"rendered":"https:\/\/museuflorestal.ambiente.sp.gov.br\/acervo\/?post_type=tnc_col_329_item&#038;p=20019"},"modified":"2021-12-01T01:03:05","modified_gmt":"2021-12-01T03:03:05","slug":"tributo-ao-museu-florestal","status":"publish","type":"tnc_col_329_item","link":"https:\/\/museuflorestal.ambiente.sp.gov.br\/acervo\/museu-florestal-octavio-vecchi\/tributo-ao-museu-florestal\/","title":{"rendered":"Tributo ao Museu Florestal"},"content":{"rendered":"<p>Xilogravura em verde de padr\u00e3o geom\u00e9trico. Abaixo do desenho, inscri\u00e7\u00e3o a l\u00e1pis &#8220;1\/5 &#8211; Tributo ao Museu Florestal&#8221; e assinatura.<\/p>\n","protected":false},"featured_media":20022,"parent":0,"menu_order":0,"comment_status":"closed","ping_status":"closed","template":"","format":"standard","_links":{"self":[{"href":"https:\/\/museuflorestal.ambiente.sp.gov.br\/acervo\/wp-json\/wp\/v2\/tnc_col_329_item\/20019"}],"collection":[{"href":"https:\/\/museuflorestal.ambiente.sp.gov.br\/acervo\/wp-json\/wp\/v2\/tnc_col_329_item"}],"about":[{"href":"https:\/\/museuflorestal.ambiente.sp.gov.br\/acervo\/wp-json\/wp\/v2\/types\/tnc_col_329_item"}],"replies":[{"embeddable":true,"href":"https:\/\/museuflorestal.ambiente.sp.gov.br\/acervo\/wp-json\/wp\/v2\/comments?post=20019"}],"version-history":[{"count":0,"href":"https:\/\/museuflorestal.ambiente.sp.gov.br\/acervo\/wp-json\/wp\/v2\/tnc_col_329_item\/20019\/revisions"}],"wp:featuredmedia":[{"embeddable":true,"href":"https:\/\/museuflorestal.ambiente.sp.gov.br\/acervo\/wp-json\/wp\/v2\/media\/20022"}],"wp:attachment":[{"href":"https:\/\/museuflorestal.ambiente.sp.gov.br\/acervo\/wp-json\/wp\/v2\/media?parent=20019"}],"curies":[{"name":"wp","href":"https:\/\/api.w.org\/{rel}","templated":true}]}}

<p>Xilogravura em verde de padrão geométrico. Abaixo do desenho, inscrição a lápis &#8220;1/5 &#8211; Tributo ao Museu Florestal&#8221; e assinatura.</p>
