{"id":20042,"date":"2021-12-01T01:03:15","date_gmt":"2021-12-01T03:03:15","guid":{"rendered":"https:\/\/museuflorestal.ambiente.sp.gov.br\/acervo\/?post_type=tnc_col_329_item&#038;p=20042"},"modified":"2021-12-01T01:03:17","modified_gmt":"2021-12-01T03:03:17","slug":"um-apologo","status":"publish","type":"tnc_col_329_item","link":"https:\/\/museuflorestal.ambiente.sp.gov.br\/acervo\/museu-florestal-octavio-vecchi\/um-apologo\/","title":{"rendered":"Um ap\u00f3logo"},"content":{"rendered":"<p>Gravura monocrom\u00e1tica de fio. No verso, inscri\u00e7\u00e3o a l\u00e1pis &#8220;Eni Ilis, Um ap\u00f3logo, monotipia, 15x21cm, 2019&#8221;.<\/p>\n","protected":false},"featured_media":20046,"parent":0,"menu_order":0,"comment_status":"closed","ping_status":"closed","template":"","format":"standard","_links":{"self":[{"href":"https:\/\/museuflorestal.ambiente.sp.gov.br\/acervo\/wp-json\/wp\/v2\/tnc_col_329_item\/20042"}],"collection":[{"href":"https:\/\/museuflorestal.ambiente.sp.gov.br\/acervo\/wp-json\/wp\/v2\/tnc_col_329_item"}],"about":[{"href":"https:\/\/museuflorestal.ambiente.sp.gov.br\/acervo\/wp-json\/wp\/v2\/types\/tnc_col_329_item"}],"replies":[{"embeddable":true,"href":"https:\/\/museuflorestal.ambiente.sp.gov.br\/acervo\/wp-json\/wp\/v2\/comments?post=20042"}],"version-history":[{"count":0,"href":"https:\/\/museuflorestal.ambiente.sp.gov.br\/acervo\/wp-json\/wp\/v2\/tnc_col_329_item\/20042\/revisions"}],"wp:featuredmedia":[{"embeddable":true,"href":"https:\/\/museuflorestal.ambiente.sp.gov.br\/acervo\/wp-json\/wp\/v2\/media\/20046"}],"wp:attachment":[{"href":"https:\/\/museuflorestal.ambiente.sp.gov.br\/acervo\/wp-json\/wp\/v2\/media?parent=20042"}],"curies":[{"name":"wp","href":"https:\/\/api.w.org\/{rel}","templated":true}]}}

Um apólogo

<p>Gravura monocromática de fio. No verso, inscrição a lápis &#8220;Eni Ilis, Um apólogo, monotipia, 15x21cm, 2019&#8221;.</p>
