{"id":20075,"date":"2021-12-01T01:03:26","date_gmt":"2021-12-01T03:03:26","guid":{"rendered":"https:\/\/museuflorestal.ambiente.sp.gov.br\/acervo\/?post_type=tnc_col_329_item&#038;p=20075"},"modified":"2021-12-01T01:03:27","modified_gmt":"2021-12-01T03:03:27","slug":"dimensoes","status":"publish","type":"tnc_col_329_item","link":"https:\/\/museuflorestal.ambiente.sp.gov.br\/acervo\/museu-florestal-octavio-vecchi\/dimensoes\/","title":{"rendered":"Dimens\u00f5es"},"content":{"rendered":"<p>Xilogravura monocrom\u00e1tica de edif\u00edcio do Museu Florestal, refletido sob \u00e1gua no ch\u00e3o. Abaixo do desenho, inscri\u00e7\u00e3o a l\u00e1pis &#8220;PA. , Dimens\u00f5es&#8221; e assinatura.<\/p>\n","protected":false},"featured_media":20078,"parent":0,"menu_order":0,"comment_status":"closed","ping_status":"closed","template":"","format":"standard","_links":{"self":[{"href":"https:\/\/museuflorestal.ambiente.sp.gov.br\/acervo\/wp-json\/wp\/v2\/tnc_col_329_item\/20075"}],"collection":[{"href":"https:\/\/museuflorestal.ambiente.sp.gov.br\/acervo\/wp-json\/wp\/v2\/tnc_col_329_item"}],"about":[{"href":"https:\/\/museuflorestal.ambiente.sp.gov.br\/acervo\/wp-json\/wp\/v2\/types\/tnc_col_329_item"}],"replies":[{"embeddable":true,"href":"https:\/\/museuflorestal.ambiente.sp.gov.br\/acervo\/wp-json\/wp\/v2\/comments?post=20075"}],"version-history":[{"count":0,"href":"https:\/\/museuflorestal.ambiente.sp.gov.br\/acervo\/wp-json\/wp\/v2\/tnc_col_329_item\/20075\/revisions"}],"wp:featuredmedia":[{"embeddable":true,"href":"https:\/\/museuflorestal.ambiente.sp.gov.br\/acervo\/wp-json\/wp\/v2\/media\/20078"}],"wp:attachment":[{"href":"https:\/\/museuflorestal.ambiente.sp.gov.br\/acervo\/wp-json\/wp\/v2\/media?parent=20075"}],"curies":[{"name":"wp","href":"https:\/\/api.w.org\/{rel}","templated":true}]}}

Dimensões

<p>Xilogravura monocromática de edifício do Museu Florestal, refletido sob água no chão. Abaixo do desenho, inscrição a lápis &#8220;PA. , Dimensões&#8221; e assinatura.</p>
