{"id":20085,"date":"2021-12-01T01:03:29","date_gmt":"2021-12-01T03:03:29","guid":{"rendered":"https:\/\/museuflorestal.ambiente.sp.gov.br\/acervo\/?post_type=tnc_col_329_item&#038;p=20085"},"modified":"2021-12-01T01:03:30","modified_gmt":"2021-12-01T03:03:30","slug":"agora-arvores-so-por-encomenda","status":"publish","type":"tnc_col_329_item","link":"https:\/\/museuflorestal.ambiente.sp.gov.br\/acervo\/museu-florestal-octavio-vecchi\/agora-arvores-so-por-encomenda\/","title":{"rendered":"Agora \u00e1rvores s\u00f3 por encomenda"},"content":{"rendered":"<p>Gravura em cores de \u00e1rvore dentro de caixa. Abaixo do desenho, inscri\u00e7\u00e3o &#8220;1\/5 I. P. A. impressa p\/ artista, Agora, \u00e1rvores s\u00f3 por encomenda&#8221; e assinatura.<\/p>\n","protected":false},"featured_media":20088,"parent":0,"menu_order":0,"comment_status":"closed","ping_status":"closed","template":"","format":"standard","_links":{"self":[{"href":"https:\/\/museuflorestal.ambiente.sp.gov.br\/acervo\/wp-json\/wp\/v2\/tnc_col_329_item\/20085"}],"collection":[{"href":"https:\/\/museuflorestal.ambiente.sp.gov.br\/acervo\/wp-json\/wp\/v2\/tnc_col_329_item"}],"about":[{"href":"https:\/\/museuflorestal.ambiente.sp.gov.br\/acervo\/wp-json\/wp\/v2\/types\/tnc_col_329_item"}],"replies":[{"embeddable":true,"href":"https:\/\/museuflorestal.ambiente.sp.gov.br\/acervo\/wp-json\/wp\/v2\/comments?post=20085"}],"version-history":[{"count":0,"href":"https:\/\/museuflorestal.ambiente.sp.gov.br\/acervo\/wp-json\/wp\/v2\/tnc_col_329_item\/20085\/revisions"}],"wp:featuredmedia":[{"embeddable":true,"href":"https:\/\/museuflorestal.ambiente.sp.gov.br\/acervo\/wp-json\/wp\/v2\/media\/20088"}],"wp:attachment":[{"href":"https:\/\/museuflorestal.ambiente.sp.gov.br\/acervo\/wp-json\/wp\/v2\/media?parent=20085"}],"curies":[{"name":"wp","href":"https:\/\/api.w.org\/{rel}","templated":true}]}}

Agora árvores só por encomenda

<p>Gravura em cores de árvore dentro de caixa. Abaixo do desenho, inscrição &#8220;1/5 I. P. A. impressa p/ artista, Agora, árvores só por encomenda&#8221; e assinatura.</p>
