{"id":20090,"date":"2021-12-01T01:03:31","date_gmt":"2021-12-01T03:03:31","guid":{"rendered":"https:\/\/museuflorestal.ambiente.sp.gov.br\/acervo\/?post_type=tnc_col_329_item&#038;p=20090"},"modified":"2021-12-01T01:03:32","modified_gmt":"2021-12-01T03:03:32","slug":"tres-poderes","status":"publish","type":"tnc_col_329_item","link":"https:\/\/museuflorestal.ambiente.sp.gov.br\/acervo\/museu-florestal-octavio-vecchi\/tres-poderes\/","title":{"rendered":"Tr\u00eas poderes"},"content":{"rendered":"<p>Xilogravura em cores de cruz, touro e bala. Abaixo do desenho, inscri\u00e7\u00e3o a l\u00e1pis &#8220;Tr\u00eas Poderes 6\/10 2019&#8221; e assinatura.<\/p>\n","protected":false},"featured_media":20093,"parent":0,"menu_order":0,"comment_status":"closed","ping_status":"closed","template":"","format":"standard","_links":{"self":[{"href":"https:\/\/museuflorestal.ambiente.sp.gov.br\/acervo\/wp-json\/wp\/v2\/tnc_col_329_item\/20090"}],"collection":[{"href":"https:\/\/museuflorestal.ambiente.sp.gov.br\/acervo\/wp-json\/wp\/v2\/tnc_col_329_item"}],"about":[{"href":"https:\/\/museuflorestal.ambiente.sp.gov.br\/acervo\/wp-json\/wp\/v2\/types\/tnc_col_329_item"}],"replies":[{"embeddable":true,"href":"https:\/\/museuflorestal.ambiente.sp.gov.br\/acervo\/wp-json\/wp\/v2\/comments?post=20090"}],"version-history":[{"count":0,"href":"https:\/\/museuflorestal.ambiente.sp.gov.br\/acervo\/wp-json\/wp\/v2\/tnc_col_329_item\/20090\/revisions"}],"wp:featuredmedia":[{"embeddable":true,"href":"https:\/\/museuflorestal.ambiente.sp.gov.br\/acervo\/wp-json\/wp\/v2\/media\/20093"}],"wp:attachment":[{"href":"https:\/\/museuflorestal.ambiente.sp.gov.br\/acervo\/wp-json\/wp\/v2\/media?parent=20090"}],"curies":[{"name":"wp","href":"https:\/\/api.w.org\/{rel}","templated":true}]}}

Três poderes

<p>Xilogravura em cores de cruz, touro e bala. Abaixo do desenho, inscrição a lápis &#8220;Três Poderes 6/10 2019&#8221; e assinatura.</p>
