{"id":20095,"date":"2021-12-01T01:03:33","date_gmt":"2021-12-01T03:03:33","guid":{"rendered":"https:\/\/museuflorestal.ambiente.sp.gov.br\/acervo\/?post_type=tnc_col_329_item&#038;p=20095"},"modified":"2021-12-01T01:03:34","modified_gmt":"2021-12-01T03:03:34","slug":"ala-de-cristal-greta-oto","status":"publish","type":"tnc_col_329_item","link":"https:\/\/museuflorestal.ambiente.sp.gov.br\/acervo\/museu-florestal-octavio-vecchi\/ala-de-cristal-greta-oto\/","title":{"rendered":"Ala de cristal (Greta Oto)"},"content":{"rendered":"<p>Gravura monocrom\u00e1tica de asa de borboleta. Abaixo do desenho, inscri\u00e7\u00e3o a l\u00e1pis &#8220;1\/5 Ala de cristal (Greta Oto)&#8221; e assinatura.<\/p>\n","protected":false},"featured_media":20100,"parent":0,"menu_order":0,"comment_status":"closed","ping_status":"closed","template":"","format":"standard","_links":{"self":[{"href":"https:\/\/museuflorestal.ambiente.sp.gov.br\/acervo\/wp-json\/wp\/v2\/tnc_col_329_item\/20095"}],"collection":[{"href":"https:\/\/museuflorestal.ambiente.sp.gov.br\/acervo\/wp-json\/wp\/v2\/tnc_col_329_item"}],"about":[{"href":"https:\/\/museuflorestal.ambiente.sp.gov.br\/acervo\/wp-json\/wp\/v2\/types\/tnc_col_329_item"}],"replies":[{"embeddable":true,"href":"https:\/\/museuflorestal.ambiente.sp.gov.br\/acervo\/wp-json\/wp\/v2\/comments?post=20095"}],"version-history":[{"count":0,"href":"https:\/\/museuflorestal.ambiente.sp.gov.br\/acervo\/wp-json\/wp\/v2\/tnc_col_329_item\/20095\/revisions"}],"wp:featuredmedia":[{"embeddable":true,"href":"https:\/\/museuflorestal.ambiente.sp.gov.br\/acervo\/wp-json\/wp\/v2\/media\/20100"}],"wp:attachment":[{"href":"https:\/\/museuflorestal.ambiente.sp.gov.br\/acervo\/wp-json\/wp\/v2\/media?parent=20095"}],"curies":[{"name":"wp","href":"https:\/\/api.w.org\/{rel}","templated":true}]}}

<p>Gravura monocromática de asa de borboleta. Abaixo do desenho, inscrição a lápis &#8220;1/5 Ala de cristal (Greta Oto)&#8221; e assinatura.</p>
