{"id":20152,"date":"2021-12-01T01:03:56","date_gmt":"2021-12-01T03:03:56","guid":{"rendered":"https:\/\/museuflorestal.ambiente.sp.gov.br\/acervo\/?post_type=tnc_col_329_item&#038;p=20152"},"modified":"2021-12-01T01:03:58","modified_gmt":"2021-12-01T03:03:58","slug":"despertar","status":"publish","type":"tnc_col_329_item","link":"https:\/\/museuflorestal.ambiente.sp.gov.br\/acervo\/museu-florestal-octavio-vecchi\/despertar\/","title":{"rendered":"Despertar"},"content":{"rendered":"<p>Xilogravura em preto e amarelo de lanterna externa do Museu Florestal. Abaixo do desenho, inscri\u00e7\u00e3o a l\u00e1pis &#8220;Xilo 1\/05 Despertar&#8221; e assinatura.<\/p>\n","protected":false},"featured_media":20156,"parent":0,"menu_order":0,"comment_status":"closed","ping_status":"closed","template":"","format":"standard","_links":{"self":[{"href":"https:\/\/museuflorestal.ambiente.sp.gov.br\/acervo\/wp-json\/wp\/v2\/tnc_col_329_item\/20152"}],"collection":[{"href":"https:\/\/museuflorestal.ambiente.sp.gov.br\/acervo\/wp-json\/wp\/v2\/tnc_col_329_item"}],"about":[{"href":"https:\/\/museuflorestal.ambiente.sp.gov.br\/acervo\/wp-json\/wp\/v2\/types\/tnc_col_329_item"}],"replies":[{"embeddable":true,"href":"https:\/\/museuflorestal.ambiente.sp.gov.br\/acervo\/wp-json\/wp\/v2\/comments?post=20152"}],"version-history":[{"count":0,"href":"https:\/\/museuflorestal.ambiente.sp.gov.br\/acervo\/wp-json\/wp\/v2\/tnc_col_329_item\/20152\/revisions"}],"wp:featuredmedia":[{"embeddable":true,"href":"https:\/\/museuflorestal.ambiente.sp.gov.br\/acervo\/wp-json\/wp\/v2\/media\/20156"}],"wp:attachment":[{"href":"https:\/\/museuflorestal.ambiente.sp.gov.br\/acervo\/wp-json\/wp\/v2\/media?parent=20152"}],"curies":[{"name":"wp","href":"https:\/\/api.w.org\/{rel}","templated":true}]}}

<p>Xilogravura em preto e amarelo de lanterna externa do Museu Florestal. Abaixo do desenho, inscrição a lápis &#8220;Xilo 1/05 Despertar&#8221; e assinatura.</p>
