{"id":20164,"date":"2021-12-01T01:04:07","date_gmt":"2021-12-01T03:04:07","guid":{"rendered":"https:\/\/museuflorestal.ambiente.sp.gov.br\/acervo\/?post_type=tnc_col_329_item&#038;p=20164"},"modified":"2021-12-01T01:04:10","modified_gmt":"2021-12-01T03:04:10","slug":"jequitiba","status":"publish","type":"tnc_col_329_item","link":"https:\/\/museuflorestal.ambiente.sp.gov.br\/acervo\/museu-florestal-octavio-vecchi\/jequitiba\/","title":{"rendered":"Jequitib\u00e1"},"content":{"rendered":"<p>Xilogravura em preto, verde e amarelo de tronco de \u00e1rvore. Abaixo do desenho, inscri\u00e7\u00e3o &#8220;Xilo 1\/20 Jequitib\u00e1&#8221; e assinatura.<\/p>\n","protected":false},"featured_media":20167,"parent":0,"menu_order":0,"comment_status":"closed","ping_status":"closed","template":"","format":"standard","_links":{"self":[{"href":"https:\/\/museuflorestal.ambiente.sp.gov.br\/acervo\/wp-json\/wp\/v2\/tnc_col_329_item\/20164"}],"collection":[{"href":"https:\/\/museuflorestal.ambiente.sp.gov.br\/acervo\/wp-json\/wp\/v2\/tnc_col_329_item"}],"about":[{"href":"https:\/\/museuflorestal.ambiente.sp.gov.br\/acervo\/wp-json\/wp\/v2\/types\/tnc_col_329_item"}],"replies":[{"embeddable":true,"href":"https:\/\/museuflorestal.ambiente.sp.gov.br\/acervo\/wp-json\/wp\/v2\/comments?post=20164"}],"version-history":[{"count":0,"href":"https:\/\/museuflorestal.ambiente.sp.gov.br\/acervo\/wp-json\/wp\/v2\/tnc_col_329_item\/20164\/revisions"}],"wp:featuredmedia":[{"embeddable":true,"href":"https:\/\/museuflorestal.ambiente.sp.gov.br\/acervo\/wp-json\/wp\/v2\/media\/20167"}],"wp:attachment":[{"href":"https:\/\/museuflorestal.ambiente.sp.gov.br\/acervo\/wp-json\/wp\/v2\/media?parent=20164"}],"curies":[{"name":"wp","href":"https:\/\/api.w.org\/{rel}","templated":true}]}}

Jequitibá

<p>Xilogravura em preto, verde e amarelo de tronco de árvore. Abaixo do desenho, inscrição &#8220;Xilo 1/20 Jequitibá&#8221; e assinatura.</p>
