{"id":20205,"date":"2021-12-01T01:04:44","date_gmt":"2021-12-01T03:04:44","guid":{"rendered":"https:\/\/museuflorestal.ambiente.sp.gov.br\/acervo\/?post_type=tnc_col_329_item&#038;p=20205"},"modified":"2021-12-01T01:04:46","modified_gmt":"2021-12-01T03:04:46","slug":"la-mariposa-y-la-madera","status":"publish","type":"tnc_col_329_item","link":"https:\/\/museuflorestal.ambiente.sp.gov.br\/acervo\/museu-florestal-octavio-vecchi\/la-mariposa-y-la-madera\/","title":{"rendered":"La Mariposa y la madera"},"content":{"rendered":"<p>Gravura preta sobre fundo rosa de borboleta. Na parte inferior, inscri\u00e7\u00e3o a l\u00e1pis &#8220;1\/10, &#8220;La Mariposa y la madeira&#8221; e assinatura. No verso, inscri\u00e7\u00e3o a l\u00e1pis &#8220;La Mariposa y la madeira, Julieta Warman, xilografia-xilografia PVC\/2, 2019, Argentina&#8221;.<\/p>\n","protected":false},"featured_media":20209,"parent":0,"menu_order":0,"comment_status":"closed","ping_status":"closed","template":"","format":"standard","_links":{"self":[{"href":"https:\/\/museuflorestal.ambiente.sp.gov.br\/acervo\/wp-json\/wp\/v2\/tnc_col_329_item\/20205"}],"collection":[{"href":"https:\/\/museuflorestal.ambiente.sp.gov.br\/acervo\/wp-json\/wp\/v2\/tnc_col_329_item"}],"about":[{"href":"https:\/\/museuflorestal.ambiente.sp.gov.br\/acervo\/wp-json\/wp\/v2\/types\/tnc_col_329_item"}],"replies":[{"embeddable":true,"href":"https:\/\/museuflorestal.ambiente.sp.gov.br\/acervo\/wp-json\/wp\/v2\/comments?post=20205"}],"version-history":[{"count":0,"href":"https:\/\/museuflorestal.ambiente.sp.gov.br\/acervo\/wp-json\/wp\/v2\/tnc_col_329_item\/20205\/revisions"}],"wp:featuredmedia":[{"embeddable":true,"href":"https:\/\/museuflorestal.ambiente.sp.gov.br\/acervo\/wp-json\/wp\/v2\/media\/20209"}],"wp:attachment":[{"href":"https:\/\/museuflorestal.ambiente.sp.gov.br\/acervo\/wp-json\/wp\/v2\/media?parent=20205"}],"curies":[{"name":"wp","href":"https:\/\/api.w.org\/{rel}","templated":true}]}}

<p>Gravura preta sobre fundo rosa de borboleta. Na parte inferior, inscrição a lápis &#8220;1/10, &#8220;La Mariposa y la madeira&#8221; e assinatura. No verso, inscrição a lápis &#8220;La Mariposa y la madeira, Julieta Warman, xilografia-xilografia PVC/2, 2019, Argentina&#8221;.</p>
