{"id":20216,"date":"2021-12-01T01:04:54","date_gmt":"2021-12-01T03:04:54","guid":{"rendered":"https:\/\/museuflorestal.ambiente.sp.gov.br\/acervo\/?post_type=tnc_col_329_item&#038;p=20216"},"modified":"2021-12-01T01:04:57","modified_gmt":"2021-12-01T03:04:57","slug":"sem-titulo-148","status":"publish","type":"tnc_col_329_item","link":"https:\/\/museuflorestal.ambiente.sp.gov.br\/acervo\/museu-florestal-octavio-vecchi\/sem-titulo-148\/","title":{"rendered":"Sem t\u00edtulo"},"content":{"rendered":"<p>Gravura monocrom\u00e1tica de sala do Museu Florestal, com parede, janelas e mesa. Abaixo do desenho, inscri\u00e7\u00e3o a l\u00e1pis &#8220;01\/05&#8221; e assinatura.<\/p>\n","protected":false},"featured_media":20219,"parent":0,"menu_order":0,"comment_status":"closed","ping_status":"closed","template":"","format":"standard","_links":{"self":[{"href":"https:\/\/museuflorestal.ambiente.sp.gov.br\/acervo\/wp-json\/wp\/v2\/tnc_col_329_item\/20216"}],"collection":[{"href":"https:\/\/museuflorestal.ambiente.sp.gov.br\/acervo\/wp-json\/wp\/v2\/tnc_col_329_item"}],"about":[{"href":"https:\/\/museuflorestal.ambiente.sp.gov.br\/acervo\/wp-json\/wp\/v2\/types\/tnc_col_329_item"}],"replies":[{"embeddable":true,"href":"https:\/\/museuflorestal.ambiente.sp.gov.br\/acervo\/wp-json\/wp\/v2\/comments?post=20216"}],"version-history":[{"count":0,"href":"https:\/\/museuflorestal.ambiente.sp.gov.br\/acervo\/wp-json\/wp\/v2\/tnc_col_329_item\/20216\/revisions"}],"wp:featuredmedia":[{"embeddable":true,"href":"https:\/\/museuflorestal.ambiente.sp.gov.br\/acervo\/wp-json\/wp\/v2\/media\/20219"}],"wp:attachment":[{"href":"https:\/\/museuflorestal.ambiente.sp.gov.br\/acervo\/wp-json\/wp\/v2\/media?parent=20216"}],"curies":[{"name":"wp","href":"https:\/\/api.w.org\/{rel}","templated":true}]}}

Sem título

<p>Gravura monocromática de sala do Museu Florestal, com parede, janelas e mesa. Abaixo do desenho, inscrição a lápis &#8220;01/05&#8221; e assinatura.</p>
