{"id":20247,"date":"2021-12-01T01:05:27","date_gmt":"2021-12-01T03:05:27","guid":{"rendered":"https:\/\/museuflorestal.ambiente.sp.gov.br\/acervo\/?post_type=tnc_col_329_item&#038;p=20247"},"modified":"2021-12-01T01:05:30","modified_gmt":"2021-12-01T03:05:30","slug":"memoria-2","status":"publish","type":"tnc_col_329_item","link":"https:\/\/museuflorestal.ambiente.sp.gov.br\/acervo\/museu-florestal-octavio-vecchi\/memoria-2\/","title":{"rendered":"Mem\u00f3ria"},"content":{"rendered":"<p>Gravura em cores de janela com vista para \u00e1rvores, com padr\u00e3o geom\u00e9trico abaixo. Abaixo do desenho, inscri\u00e7\u00e3o &#8220;1\/7 Mem\u00f3ria&#8221; e assinatura.<\/p>\n","protected":false},"featured_media":20250,"parent":0,"menu_order":0,"comment_status":"closed","ping_status":"closed","template":"","format":"standard","_links":{"self":[{"href":"https:\/\/museuflorestal.ambiente.sp.gov.br\/acervo\/wp-json\/wp\/v2\/tnc_col_329_item\/20247"}],"collection":[{"href":"https:\/\/museuflorestal.ambiente.sp.gov.br\/acervo\/wp-json\/wp\/v2\/tnc_col_329_item"}],"about":[{"href":"https:\/\/museuflorestal.ambiente.sp.gov.br\/acervo\/wp-json\/wp\/v2\/types\/tnc_col_329_item"}],"replies":[{"embeddable":true,"href":"https:\/\/museuflorestal.ambiente.sp.gov.br\/acervo\/wp-json\/wp\/v2\/comments?post=20247"}],"version-history":[{"count":0,"href":"https:\/\/museuflorestal.ambiente.sp.gov.br\/acervo\/wp-json\/wp\/v2\/tnc_col_329_item\/20247\/revisions"}],"wp:featuredmedia":[{"embeddable":true,"href":"https:\/\/museuflorestal.ambiente.sp.gov.br\/acervo\/wp-json\/wp\/v2\/media\/20250"}],"wp:attachment":[{"href":"https:\/\/museuflorestal.ambiente.sp.gov.br\/acervo\/wp-json\/wp\/v2\/media?parent=20247"}],"curies":[{"name":"wp","href":"https:\/\/api.w.org\/{rel}","templated":true}]}}

Memória

<p>Gravura em cores de janela com vista para árvores, com padrão geométrico abaixo. Abaixo do desenho, inscrição &#8220;1/7 Memória&#8221; e assinatura.</p>
