{"id":20269,"date":"2021-12-01T01:05:48","date_gmt":"2021-12-01T03:05:48","guid":{"rendered":"https:\/\/museuflorestal.ambiente.sp.gov.br\/acervo\/?post_type=tnc_col_329_item&#038;p=20269"},"modified":"2021-12-01T01:05:51","modified_gmt":"2021-12-01T03:05:51","slug":"sem-titulo-150","status":"publish","type":"tnc_col_329_item","link":"https:\/\/museuflorestal.ambiente.sp.gov.br\/acervo\/museu-florestal-octavio-vecchi\/sem-titulo-150\/","title":{"rendered":"Sem t\u00edtulo"},"content":{"rendered":"<p>Xilogravura em preto e amarelo de pr\u00e9dio visto de cima e figura deitada. Abaixo do desenho, inscri\u00e7\u00e3o a l\u00e1pis &#8221; PAI\/II&#8221; e assinatura.<\/p>\n","protected":false},"featured_media":20272,"parent":0,"menu_order":0,"comment_status":"closed","ping_status":"closed","template":"","format":"standard","_links":{"self":[{"href":"https:\/\/museuflorestal.ambiente.sp.gov.br\/acervo\/wp-json\/wp\/v2\/tnc_col_329_item\/20269"}],"collection":[{"href":"https:\/\/museuflorestal.ambiente.sp.gov.br\/acervo\/wp-json\/wp\/v2\/tnc_col_329_item"}],"about":[{"href":"https:\/\/museuflorestal.ambiente.sp.gov.br\/acervo\/wp-json\/wp\/v2\/types\/tnc_col_329_item"}],"replies":[{"embeddable":true,"href":"https:\/\/museuflorestal.ambiente.sp.gov.br\/acervo\/wp-json\/wp\/v2\/comments?post=20269"}],"version-history":[{"count":0,"href":"https:\/\/museuflorestal.ambiente.sp.gov.br\/acervo\/wp-json\/wp\/v2\/tnc_col_329_item\/20269\/revisions"}],"wp:featuredmedia":[{"embeddable":true,"href":"https:\/\/museuflorestal.ambiente.sp.gov.br\/acervo\/wp-json\/wp\/v2\/media\/20272"}],"wp:attachment":[{"href":"https:\/\/museuflorestal.ambiente.sp.gov.br\/acervo\/wp-json\/wp\/v2\/media?parent=20269"}],"curies":[{"name":"wp","href":"https:\/\/api.w.org\/{rel}","templated":true}]}}

Sem título

<p>Xilogravura em preto e amarelo de prédio visto de cima e figura deitada. Abaixo do desenho, inscrição a lápis &#8221; PAI/II&#8221; e assinatura.</p>
