{"id":20279,"date":"2021-12-01T01:05:59","date_gmt":"2021-12-01T03:05:59","guid":{"rendered":"https:\/\/museuflorestal.ambiente.sp.gov.br\/acervo\/?post_type=tnc_col_329_item&#038;p=20279"},"modified":"2021-12-01T01:06:01","modified_gmt":"2021-12-01T03:06:01","slug":"lembranca","status":"publish","type":"tnc_col_329_item","link":"https:\/\/museuflorestal.ambiente.sp.gov.br\/acervo\/museu-florestal-octavio-vecchi\/lembranca\/","title":{"rendered":"Lembran\u00e7a"},"content":{"rendered":"<p>Xilogravura monocrom\u00e1tica marrom de padr\u00e3o geom\u00e9trico. Abaixo do desenho, inscri\u00e7\u00e3o a l\u00e1pis &#8220;01\/05 Lembran\u00e7a&#8221; e assinatura.<\/p>\n","protected":false},"featured_media":20282,"parent":0,"menu_order":0,"comment_status":"closed","ping_status":"closed","template":"","format":"standard","_links":{"self":[{"href":"https:\/\/museuflorestal.ambiente.sp.gov.br\/acervo\/wp-json\/wp\/v2\/tnc_col_329_item\/20279"}],"collection":[{"href":"https:\/\/museuflorestal.ambiente.sp.gov.br\/acervo\/wp-json\/wp\/v2\/tnc_col_329_item"}],"about":[{"href":"https:\/\/museuflorestal.ambiente.sp.gov.br\/acervo\/wp-json\/wp\/v2\/types\/tnc_col_329_item"}],"replies":[{"embeddable":true,"href":"https:\/\/museuflorestal.ambiente.sp.gov.br\/acervo\/wp-json\/wp\/v2\/comments?post=20279"}],"version-history":[{"count":0,"href":"https:\/\/museuflorestal.ambiente.sp.gov.br\/acervo\/wp-json\/wp\/v2\/tnc_col_329_item\/20279\/revisions"}],"wp:featuredmedia":[{"embeddable":true,"href":"https:\/\/museuflorestal.ambiente.sp.gov.br\/acervo\/wp-json\/wp\/v2\/media\/20282"}],"wp:attachment":[{"href":"https:\/\/museuflorestal.ambiente.sp.gov.br\/acervo\/wp-json\/wp\/v2\/media?parent=20279"}],"curies":[{"name":"wp","href":"https:\/\/api.w.org\/{rel}","templated":true}]}}

Lembrança

<p>Xilogravura monocromática marrom de padrão geométrico. Abaixo do desenho, inscrição a lápis &#8220;01/05 Lembrança&#8221; e assinatura.</p>
