{"id":20362,"date":"2021-12-01T01:07:25","date_gmt":"2021-12-01T03:07:25","guid":{"rendered":"https:\/\/museuflorestal.ambiente.sp.gov.br\/acervo\/?post_type=tnc_col_329_item&#038;p=20362"},"modified":"2021-12-01T01:07:26","modified_gmt":"2021-12-01T03:07:26","slug":"uma-aroeira-plantada-em-meu-coracao","status":"publish","type":"tnc_col_329_item","link":"https:\/\/museuflorestal.ambiente.sp.gov.br\/acervo\/museu-florestal-octavio-vecchi\/uma-aroeira-plantada-em-meu-coracao\/","title":{"rendered":"Uma aroeira plantada em meu cora\u00e7\u00e3o"},"content":{"rendered":"<p>Gravura em cores de \u00e1rvore cercada por grade, com m\u00e3o ao fundo. Abaixo do desenho, inscri\u00e7\u00e3o a l\u00e1pis &#8220;1\/9&#8221; e assinatura.<\/p>\n","protected":false},"featured_media":20365,"parent":0,"menu_order":0,"comment_status":"closed","ping_status":"closed","template":"","format":"standard","_links":{"self":[{"href":"https:\/\/museuflorestal.ambiente.sp.gov.br\/acervo\/wp-json\/wp\/v2\/tnc_col_329_item\/20362"}],"collection":[{"href":"https:\/\/museuflorestal.ambiente.sp.gov.br\/acervo\/wp-json\/wp\/v2\/tnc_col_329_item"}],"about":[{"href":"https:\/\/museuflorestal.ambiente.sp.gov.br\/acervo\/wp-json\/wp\/v2\/types\/tnc_col_329_item"}],"replies":[{"embeddable":true,"href":"https:\/\/museuflorestal.ambiente.sp.gov.br\/acervo\/wp-json\/wp\/v2\/comments?post=20362"}],"version-history":[{"count":0,"href":"https:\/\/museuflorestal.ambiente.sp.gov.br\/acervo\/wp-json\/wp\/v2\/tnc_col_329_item\/20362\/revisions"}],"wp:featuredmedia":[{"embeddable":true,"href":"https:\/\/museuflorestal.ambiente.sp.gov.br\/acervo\/wp-json\/wp\/v2\/media\/20365"}],"wp:attachment":[{"href":"https:\/\/museuflorestal.ambiente.sp.gov.br\/acervo\/wp-json\/wp\/v2\/media?parent=20362"}],"curies":[{"name":"wp","href":"https:\/\/api.w.org\/{rel}","templated":true}]}}

Uma aroeira plantada em meu coração

<p>Gravura em cores de árvore cercada por grade, com mão ao fundo. Abaixo do desenho, inscrição a lápis &#8220;1/9&#8221; e assinatura.</p>
