{"id":20372,"date":"2021-12-01T01:07:28","date_gmt":"2021-12-01T03:07:28","guid":{"rendered":"https:\/\/museuflorestal.ambiente.sp.gov.br\/acervo\/?post_type=tnc_col_329_item&#038;p=20372"},"modified":"2021-12-01T01:07:29","modified_gmt":"2021-12-01T03:07:29","slug":"ciclope","status":"publish","type":"tnc_col_329_item","link":"https:\/\/museuflorestal.ambiente.sp.gov.br\/acervo\/museu-florestal-octavio-vecchi\/ciclope\/","title":{"rendered":"Ciclope"},"content":{"rendered":"<p>Gravura monocrom\u00e1tica de olho. Abaixo do desenho, inscri\u00e7\u00e3o a l\u00e1pis &#8220;Ciclope&#8221; e assinatura. No verso, inscri\u00e7\u00e3o &#8220;Norma Mobilon, buril, ponta seca e berceau&#8221;.<\/p>\n","protected":false},"featured_media":20375,"parent":0,"menu_order":0,"comment_status":"closed","ping_status":"closed","template":"","format":"standard","_links":{"self":[{"href":"https:\/\/museuflorestal.ambiente.sp.gov.br\/acervo\/wp-json\/wp\/v2\/tnc_col_329_item\/20372"}],"collection":[{"href":"https:\/\/museuflorestal.ambiente.sp.gov.br\/acervo\/wp-json\/wp\/v2\/tnc_col_329_item"}],"about":[{"href":"https:\/\/museuflorestal.ambiente.sp.gov.br\/acervo\/wp-json\/wp\/v2\/types\/tnc_col_329_item"}],"replies":[{"embeddable":true,"href":"https:\/\/museuflorestal.ambiente.sp.gov.br\/acervo\/wp-json\/wp\/v2\/comments?post=20372"}],"version-history":[{"count":0,"href":"https:\/\/museuflorestal.ambiente.sp.gov.br\/acervo\/wp-json\/wp\/v2\/tnc_col_329_item\/20372\/revisions"}],"wp:featuredmedia":[{"embeddable":true,"href":"https:\/\/museuflorestal.ambiente.sp.gov.br\/acervo\/wp-json\/wp\/v2\/media\/20375"}],"wp:attachment":[{"href":"https:\/\/museuflorestal.ambiente.sp.gov.br\/acervo\/wp-json\/wp\/v2\/media?parent=20372"}],"curies":[{"name":"wp","href":"https:\/\/api.w.org\/{rel}","templated":true}]}}

<p>Gravura monocromática de olho. Abaixo do desenho, inscrição a lápis &#8220;Ciclope&#8221; e assinatura. No verso, inscrição &#8220;Norma Mobilon, buril, ponta seca e berceau&#8221;.</p>
