{"id":20446,"date":"2021-12-01T01:07:51","date_gmt":"2021-12-01T03:07:51","guid":{"rendered":"https:\/\/museuflorestal.ambiente.sp.gov.br\/acervo\/?post_type=tnc_col_329_item&#038;p=20446"},"modified":"2021-12-01T01:07:52","modified_gmt":"2021-12-01T03:07:52","slug":"sem-titulo-158","status":"publish","type":"tnc_col_329_item","link":"https:\/\/museuflorestal.ambiente.sp.gov.br\/acervo\/museu-florestal-octavio-vecchi\/sem-titulo-158\/","title":{"rendered":"Sem t\u00edtulo"},"content":{"rendered":"<p>Xilogravura monocrom\u00e1tica de pessoa com cabe\u00e7a voltada para cima e macaco em uma \u00e1rvore com o bra\u00e7o esticado. Abaixo do desenho, inscri\u00e7\u00e3o a l\u00e1pis &#8220;1\/5 2019&#8221; e assinatura.<\/p>\n","protected":false},"featured_media":20449,"parent":0,"menu_order":0,"comment_status":"closed","ping_status":"closed","template":"","format":"standard","_links":{"self":[{"href":"https:\/\/museuflorestal.ambiente.sp.gov.br\/acervo\/wp-json\/wp\/v2\/tnc_col_329_item\/20446"}],"collection":[{"href":"https:\/\/museuflorestal.ambiente.sp.gov.br\/acervo\/wp-json\/wp\/v2\/tnc_col_329_item"}],"about":[{"href":"https:\/\/museuflorestal.ambiente.sp.gov.br\/acervo\/wp-json\/wp\/v2\/types\/tnc_col_329_item"}],"replies":[{"embeddable":true,"href":"https:\/\/museuflorestal.ambiente.sp.gov.br\/acervo\/wp-json\/wp\/v2\/comments?post=20446"}],"version-history":[{"count":0,"href":"https:\/\/museuflorestal.ambiente.sp.gov.br\/acervo\/wp-json\/wp\/v2\/tnc_col_329_item\/20446\/revisions"}],"wp:featuredmedia":[{"embeddable":true,"href":"https:\/\/museuflorestal.ambiente.sp.gov.br\/acervo\/wp-json\/wp\/v2\/media\/20449"}],"wp:attachment":[{"href":"https:\/\/museuflorestal.ambiente.sp.gov.br\/acervo\/wp-json\/wp\/v2\/media?parent=20446"}],"curies":[{"name":"wp","href":"https:\/\/api.w.org\/{rel}","templated":true}]}}

Sem título

<p>Xilogravura monocromática de pessoa com cabeça voltada para cima e macaco em uma árvore com o braço esticado. Abaixo do desenho, inscrição a lápis &#8220;1/5 2019&#8221; e assinatura.</p>
