{"id":20471,"date":"2021-12-01T01:07:59","date_gmt":"2021-12-01T03:07:59","guid":{"rendered":"https:\/\/museuflorestal.ambiente.sp.gov.br\/acervo\/?post_type=tnc_col_329_item&#038;p=20471"},"modified":"2021-12-01T01:08:00","modified_gmt":"2021-12-01T03:08:00","slug":"sem-titulo-160","status":"publish","type":"tnc_col_329_item","link":"https:\/\/museuflorestal.ambiente.sp.gov.br\/acervo\/museu-florestal-octavio-vecchi\/sem-titulo-160\/","title":{"rendered":"Sem t\u00edtulo"},"content":{"rendered":"<p>Gravura em vermelho com inscri\u00e7\u00e3o &#8220;Conv\u00e9m amar a mim porque vos amo mais&#8221; entre figuras geom\u00e9tricas. Abaixo do desenho, inscri\u00e7\u00e3o a l\u00e1pis &#8220;X2 1\/5&#8221; e assinatura.<\/p>\n","protected":false},"featured_media":20474,"parent":0,"menu_order":0,"comment_status":"closed","ping_status":"closed","template":"","format":"standard","_links":{"self":[{"href":"https:\/\/museuflorestal.ambiente.sp.gov.br\/acervo\/wp-json\/wp\/v2\/tnc_col_329_item\/20471"}],"collection":[{"href":"https:\/\/museuflorestal.ambiente.sp.gov.br\/acervo\/wp-json\/wp\/v2\/tnc_col_329_item"}],"about":[{"href":"https:\/\/museuflorestal.ambiente.sp.gov.br\/acervo\/wp-json\/wp\/v2\/types\/tnc_col_329_item"}],"replies":[{"embeddable":true,"href":"https:\/\/museuflorestal.ambiente.sp.gov.br\/acervo\/wp-json\/wp\/v2\/comments?post=20471"}],"version-history":[{"count":0,"href":"https:\/\/museuflorestal.ambiente.sp.gov.br\/acervo\/wp-json\/wp\/v2\/tnc_col_329_item\/20471\/revisions"}],"wp:featuredmedia":[{"embeddable":true,"href":"https:\/\/museuflorestal.ambiente.sp.gov.br\/acervo\/wp-json\/wp\/v2\/media\/20474"}],"wp:attachment":[{"href":"https:\/\/museuflorestal.ambiente.sp.gov.br\/acervo\/wp-json\/wp\/v2\/media?parent=20471"}],"curies":[{"name":"wp","href":"https:\/\/api.w.org\/{rel}","templated":true}]}}

Sem título

<p>Gravura em vermelho com inscrição &#8220;Convém amar a mim porque vos amo mais&#8221; entre figuras geométricas. Abaixo do desenho, inscrição a lápis &#8220;X2 1/5&#8221; e assinatura.</p>
