{"id":20476,"date":"2021-12-01T01:08:01","date_gmt":"2021-12-01T03:08:01","guid":{"rendered":"https:\/\/museuflorestal.ambiente.sp.gov.br\/acervo\/?post_type=tnc_col_329_item&#038;p=20476"},"modified":"2021-12-01T01:08:02","modified_gmt":"2021-12-01T03:08:02","slug":"a-mata-no-museu","status":"publish","type":"tnc_col_329_item","link":"https:\/\/museuflorestal.ambiente.sp.gov.br\/acervo\/museu-florestal-octavio-vecchi\/a-mata-no-museu\/","title":{"rendered":"A mata no museu"},"content":{"rendered":"<p>Gravura em cores de paisagem com \u00e1rvores e pr\u00e9dio do Museu Florestal. Abaixo do desenho, inscri\u00e7\u00e3o a l\u00e1pis &#8220;1\/v A mata no Museu&#8221; e assinatura.<\/p>\n","protected":false},"featured_media":20481,"parent":0,"menu_order":0,"comment_status":"closed","ping_status":"closed","template":"","format":"standard","_links":{"self":[{"href":"https:\/\/museuflorestal.ambiente.sp.gov.br\/acervo\/wp-json\/wp\/v2\/tnc_col_329_item\/20476"}],"collection":[{"href":"https:\/\/museuflorestal.ambiente.sp.gov.br\/acervo\/wp-json\/wp\/v2\/tnc_col_329_item"}],"about":[{"href":"https:\/\/museuflorestal.ambiente.sp.gov.br\/acervo\/wp-json\/wp\/v2\/types\/tnc_col_329_item"}],"replies":[{"embeddable":true,"href":"https:\/\/museuflorestal.ambiente.sp.gov.br\/acervo\/wp-json\/wp\/v2\/comments?post=20476"}],"version-history":[{"count":0,"href":"https:\/\/museuflorestal.ambiente.sp.gov.br\/acervo\/wp-json\/wp\/v2\/tnc_col_329_item\/20476\/revisions"}],"wp:featuredmedia":[{"embeddable":true,"href":"https:\/\/museuflorestal.ambiente.sp.gov.br\/acervo\/wp-json\/wp\/v2\/media\/20481"}],"wp:attachment":[{"href":"https:\/\/museuflorestal.ambiente.sp.gov.br\/acervo\/wp-json\/wp\/v2\/media?parent=20476"}],"curies":[{"name":"wp","href":"https:\/\/api.w.org\/{rel}","templated":true}]}}

<p>Gravura em cores de paisagem com árvores e prédio do Museu Florestal. Abaixo do desenho, inscrição a lápis &#8220;1/v A mata no Museu&#8221; e assinatura.</p>
