{"id":20493,"date":"2021-12-01T01:08:06","date_gmt":"2021-12-01T03:08:06","guid":{"rendered":"https:\/\/museuflorestal.ambiente.sp.gov.br\/acervo\/?post_type=tnc_col_329_item&#038;p=20493"},"modified":"2021-12-01T01:08:07","modified_gmt":"2021-12-01T03:08:07","slug":"poetica-da-capoeira","status":"publish","type":"tnc_col_329_item","link":"https:\/\/museuflorestal.ambiente.sp.gov.br\/acervo\/museu-florestal-octavio-vecchi\/poetica-da-capoeira\/","title":{"rendered":"Po\u00e9tica da capoeira"},"content":{"rendered":"<p>Xilogravura monocrom\u00e1tica de duas figuras lutando capoeira. Abaixo do desenho, inscri\u00e7\u00e3o a l\u00e1pis &#8220;P. A&#8221; e assinatura.<\/p>\n","protected":false},"featured_media":20496,"parent":0,"menu_order":0,"comment_status":"closed","ping_status":"closed","template":"","format":"standard","_links":{"self":[{"href":"https:\/\/museuflorestal.ambiente.sp.gov.br\/acervo\/wp-json\/wp\/v2\/tnc_col_329_item\/20493"}],"collection":[{"href":"https:\/\/museuflorestal.ambiente.sp.gov.br\/acervo\/wp-json\/wp\/v2\/tnc_col_329_item"}],"about":[{"href":"https:\/\/museuflorestal.ambiente.sp.gov.br\/acervo\/wp-json\/wp\/v2\/types\/tnc_col_329_item"}],"replies":[{"embeddable":true,"href":"https:\/\/museuflorestal.ambiente.sp.gov.br\/acervo\/wp-json\/wp\/v2\/comments?post=20493"}],"version-history":[{"count":0,"href":"https:\/\/museuflorestal.ambiente.sp.gov.br\/acervo\/wp-json\/wp\/v2\/tnc_col_329_item\/20493\/revisions"}],"wp:featuredmedia":[{"embeddable":true,"href":"https:\/\/museuflorestal.ambiente.sp.gov.br\/acervo\/wp-json\/wp\/v2\/media\/20496"}],"wp:attachment":[{"href":"https:\/\/museuflorestal.ambiente.sp.gov.br\/acervo\/wp-json\/wp\/v2\/media?parent=20493"}],"curies":[{"name":"wp","href":"https:\/\/api.w.org\/{rel}","templated":true}]}}

Poética da capoeira

<p>Xilogravura monocromática de duas figuras lutando capoeira. Abaixo do desenho, inscrição a lápis &#8220;P. A&#8221; e assinatura.</p>
