{"id":20524,"date":"2021-12-01T01:08:15","date_gmt":"2021-12-01T03:08:15","guid":{"rendered":"https:\/\/museuflorestal.ambiente.sp.gov.br\/acervo\/?post_type=tnc_col_329_item&#038;p=20524"},"modified":"2021-12-01T01:08:16","modified_gmt":"2021-12-01T03:08:16","slug":"arvores-da-serra-paineira-embaralhada","status":"publish","type":"tnc_col_329_item","link":"https:\/\/museuflorestal.ambiente.sp.gov.br\/acervo\/museu-florestal-octavio-vecchi\/arvores-da-serra-paineira-embaralhada\/","title":{"rendered":"Arvores da Serra \u2013 Paineira Embaralhada"},"content":{"rendered":"<p>Xilogravura em cores de \u00e1rvore. Abaixo do desenho, inscri\u00e7\u00e3o a l\u00e1pis &#8220;1\/5 \u00c1rvores da Serra &#8211; Paineira Embaralhada &#8211; 2019&#8221; e assinatura.<\/p>\n","protected":false},"featured_media":20527,"parent":0,"menu_order":0,"comment_status":"closed","ping_status":"closed","template":"","format":"standard","_links":{"self":[{"href":"https:\/\/museuflorestal.ambiente.sp.gov.br\/acervo\/wp-json\/wp\/v2\/tnc_col_329_item\/20524"}],"collection":[{"href":"https:\/\/museuflorestal.ambiente.sp.gov.br\/acervo\/wp-json\/wp\/v2\/tnc_col_329_item"}],"about":[{"href":"https:\/\/museuflorestal.ambiente.sp.gov.br\/acervo\/wp-json\/wp\/v2\/types\/tnc_col_329_item"}],"replies":[{"embeddable":true,"href":"https:\/\/museuflorestal.ambiente.sp.gov.br\/acervo\/wp-json\/wp\/v2\/comments?post=20524"}],"version-history":[{"count":0,"href":"https:\/\/museuflorestal.ambiente.sp.gov.br\/acervo\/wp-json\/wp\/v2\/tnc_col_329_item\/20524\/revisions"}],"wp:featuredmedia":[{"embeddable":true,"href":"https:\/\/museuflorestal.ambiente.sp.gov.br\/acervo\/wp-json\/wp\/v2\/media\/20527"}],"wp:attachment":[{"href":"https:\/\/museuflorestal.ambiente.sp.gov.br\/acervo\/wp-json\/wp\/v2\/media?parent=20524"}],"curies":[{"name":"wp","href":"https:\/\/api.w.org\/{rel}","templated":true}]}}

<p>Xilogravura em cores de árvore. Abaixo do desenho, inscrição a lápis &#8220;1/5 Árvores da Serra &#8211; Paineira Embaralhada &#8211; 2019&#8221; e assinatura.</p>
