{"id":20535,"date":"2021-12-01T01:08:19","date_gmt":"2021-12-01T03:08:19","guid":{"rendered":"https:\/\/museuflorestal.ambiente.sp.gov.br\/acervo\/?post_type=tnc_col_329_item&#038;p=20535"},"modified":"2021-12-01T01:08:20","modified_gmt":"2021-12-01T03:08:20","slug":"octavio-vecchi-3","status":"publish","type":"tnc_col_329_item","link":"https:\/\/museuflorestal.ambiente.sp.gov.br\/acervo\/museu-florestal-octavio-vecchi\/octavio-vecchi-3\/","title":{"rendered":"Oct\u00e1vio Vecchi"},"content":{"rendered":"<p>Gravura monocrom\u00e1tica de retrato de Oct\u00e1vio Vecchi. Abaixo do desenho, inscri\u00e7\u00e3o a l\u00e1pis &#8220;2\/8 Oct\u00e1vio Vecchi&#8221; e assinatura.<\/p>\n","protected":false},"featured_media":20538,"parent":0,"menu_order":0,"comment_status":"closed","ping_status":"closed","template":"","format":"standard","_links":{"self":[{"href":"https:\/\/museuflorestal.ambiente.sp.gov.br\/acervo\/wp-json\/wp\/v2\/tnc_col_329_item\/20535"}],"collection":[{"href":"https:\/\/museuflorestal.ambiente.sp.gov.br\/acervo\/wp-json\/wp\/v2\/tnc_col_329_item"}],"about":[{"href":"https:\/\/museuflorestal.ambiente.sp.gov.br\/acervo\/wp-json\/wp\/v2\/types\/tnc_col_329_item"}],"replies":[{"embeddable":true,"href":"https:\/\/museuflorestal.ambiente.sp.gov.br\/acervo\/wp-json\/wp\/v2\/comments?post=20535"}],"version-history":[{"count":0,"href":"https:\/\/museuflorestal.ambiente.sp.gov.br\/acervo\/wp-json\/wp\/v2\/tnc_col_329_item\/20535\/revisions"}],"wp:featuredmedia":[{"embeddable":true,"href":"https:\/\/museuflorestal.ambiente.sp.gov.br\/acervo\/wp-json\/wp\/v2\/media\/20538"}],"wp:attachment":[{"href":"https:\/\/museuflorestal.ambiente.sp.gov.br\/acervo\/wp-json\/wp\/v2\/media?parent=20535"}],"curies":[{"name":"wp","href":"https:\/\/api.w.org\/{rel}","templated":true}]}}

Octávio Vecchi

<p>Gravura monocromática de retrato de Octávio Vecchi. Abaixo do desenho, inscrição a lápis &#8220;2/8 Octávio Vecchi&#8221; e assinatura.</p>
