{"id":20575,"date":"2021-12-01T01:08:49","date_gmt":"2021-12-01T03:08:49","guid":{"rendered":"https:\/\/museuflorestal.ambiente.sp.gov.br\/acervo\/?post_type=tnc_col_329_item&#038;p=20575"},"modified":"2021-12-01T01:08:53","modified_gmt":"2021-12-01T03:08:53","slug":"escalador-de-arvore-3","status":"publish","type":"tnc_col_329_item","link":"https:\/\/museuflorestal.ambiente.sp.gov.br\/acervo\/museu-florestal-octavio-vecchi\/escalador-de-arvore-3\/","title":{"rendered":"Escalador de \u00e1rvore"},"content":{"rendered":"<p>Pe\u00e7a de metal em formato de J com um anel na parte superior e outro na parte inferior para coloca\u00e7\u00e3o de correia de couro. Na parte inferior h\u00e1 um dente para encaixe no tronco (espora). Pe\u00e7a coberta de tinta preta.<\/p>\n","protected":false},"featured_media":20577,"parent":0,"menu_order":0,"comment_status":"closed","ping_status":"closed","template":"","format":"standard","_links":{"self":[{"href":"https:\/\/museuflorestal.ambiente.sp.gov.br\/acervo\/wp-json\/wp\/v2\/tnc_col_329_item\/20575"}],"collection":[{"href":"https:\/\/museuflorestal.ambiente.sp.gov.br\/acervo\/wp-json\/wp\/v2\/tnc_col_329_item"}],"about":[{"href":"https:\/\/museuflorestal.ambiente.sp.gov.br\/acervo\/wp-json\/wp\/v2\/types\/tnc_col_329_item"}],"replies":[{"embeddable":true,"href":"https:\/\/museuflorestal.ambiente.sp.gov.br\/acervo\/wp-json\/wp\/v2\/comments?post=20575"}],"version-history":[{"count":0,"href":"https:\/\/museuflorestal.ambiente.sp.gov.br\/acervo\/wp-json\/wp\/v2\/tnc_col_329_item\/20575\/revisions"}],"wp:featuredmedia":[{"embeddable":true,"href":"https:\/\/museuflorestal.ambiente.sp.gov.br\/acervo\/wp-json\/wp\/v2\/media\/20577"}],"wp:attachment":[{"href":"https:\/\/museuflorestal.ambiente.sp.gov.br\/acervo\/wp-json\/wp\/v2\/media?parent=20575"}],"curies":[{"name":"wp","href":"https:\/\/api.w.org\/{rel}","templated":true}]}}

Escalador de árvore

<p>Peça de metal em formato de J com um anel na parte superior e outro na parte inferior para colocação de correia de couro. Na parte inferior há um dente para encaixe no tronco (espora). Peça coberta de tinta preta.</p>
