{"id":20594,"date":"2021-12-01T01:09:24","date_gmt":"2021-12-01T03:09:24","guid":{"rendered":"https:\/\/museuflorestal.ambiente.sp.gov.br\/acervo\/?post_type=tnc_col_329_item&#038;p=20594"},"modified":"2021-12-01T01:09:27","modified_gmt":"2021-12-01T03:09:27","slug":"caneleira-de-couro-para-escalada","status":"publish","type":"tnc_col_329_item","link":"https:\/\/museuflorestal.ambiente.sp.gov.br\/acervo\/museu-florestal-octavio-vecchi\/caneleira-de-couro-para-escalada\/","title":{"rendered":"Caneleira de couro para escalada"},"content":{"rendered":"<p>Conjunto de nove acess\u00f3rios de couro e metal. Sendo: 1- cinto: 260&#215;9 cm; 2- quatro correias 62&#215;5 cm; 3- dois acess\u00f3rios em L com feltro na parte interna: 21&#215;20 cm; 4- dois acess\u00f3rios com correia: 54&#215;12 cm.<\/p>\n","protected":false},"featured_media":20596,"parent":0,"menu_order":0,"comment_status":"closed","ping_status":"closed","template":"","format":"standard","_links":{"self":[{"href":"https:\/\/museuflorestal.ambiente.sp.gov.br\/acervo\/wp-json\/wp\/v2\/tnc_col_329_item\/20594"}],"collection":[{"href":"https:\/\/museuflorestal.ambiente.sp.gov.br\/acervo\/wp-json\/wp\/v2\/tnc_col_329_item"}],"about":[{"href":"https:\/\/museuflorestal.ambiente.sp.gov.br\/acervo\/wp-json\/wp\/v2\/types\/tnc_col_329_item"}],"replies":[{"embeddable":true,"href":"https:\/\/museuflorestal.ambiente.sp.gov.br\/acervo\/wp-json\/wp\/v2\/comments?post=20594"}],"version-history":[{"count":0,"href":"https:\/\/museuflorestal.ambiente.sp.gov.br\/acervo\/wp-json\/wp\/v2\/tnc_col_329_item\/20594\/revisions"}],"wp:featuredmedia":[{"embeddable":true,"href":"https:\/\/museuflorestal.ambiente.sp.gov.br\/acervo\/wp-json\/wp\/v2\/media\/20596"}],"wp:attachment":[{"href":"https:\/\/museuflorestal.ambiente.sp.gov.br\/acervo\/wp-json\/wp\/v2\/media?parent=20594"}],"curies":[{"name":"wp","href":"https:\/\/api.w.org\/{rel}","templated":true}]}}

<p>Conjunto de nove acessórios de couro e metal. Sendo: 1- cinto: 260&#215;9 cm; 2- quatro correias 62&#215;5 cm; 3- dois acessórios em L com feltro na parte interna: 21&#215;20 cm; 4- dois acessórios com correia: 54&#215;12 cm.</p>
