{"id":20684,"date":"2021-12-01T01:13:09","date_gmt":"2021-12-01T03:13:09","guid":{"rendered":"https:\/\/museuflorestal.ambiente.sp.gov.br\/acervo\/?post_type=tnc_col_329_item&#038;p=20684"},"modified":"2021-12-01T01:13:12","modified_gmt":"2021-12-01T03:13:12","slug":"quadro-de-amostras-de-madeira-pr","status":"publish","type":"tnc_col_329_item","link":"https:\/\/museuflorestal.ambiente.sp.gov.br\/acervo\/museu-florestal-octavio-vecchi\/quadro-de-amostras-de-madeira-pr\/","title":{"rendered":"Quadro de amostras de madeira PR"},"content":{"rendered":"<p>Quadro retangular com vinte amostras de madeira diversas: Amarelinha, Pessegueiro, Canela-loura; Cabre\u00fava; A\u00e7oita; Pinus; Guajuvira; Canaf\u00edstula; Canela-preta; Canjerana; Canela-pinho; Pinho reflorestado; Angico; Pinho; Marfim; Marmeleiro; Gr\u00e1pia; Louro; Cedro; Peroba. No verso h\u00e1 prego. arame, etiqueta verde &#8220;115&#8221; e etiqueta &#8220;Paran\u00e1 0579&#8221;.<\/p>\n","protected":false},"featured_media":20685,"parent":0,"menu_order":0,"comment_status":"closed","ping_status":"closed","template":"","format":"standard","_links":{"self":[{"href":"https:\/\/museuflorestal.ambiente.sp.gov.br\/acervo\/wp-json\/wp\/v2\/tnc_col_329_item\/20684"}],"collection":[{"href":"https:\/\/museuflorestal.ambiente.sp.gov.br\/acervo\/wp-json\/wp\/v2\/tnc_col_329_item"}],"about":[{"href":"https:\/\/museuflorestal.ambiente.sp.gov.br\/acervo\/wp-json\/wp\/v2\/types\/tnc_col_329_item"}],"replies":[{"embeddable":true,"href":"https:\/\/museuflorestal.ambiente.sp.gov.br\/acervo\/wp-json\/wp\/v2\/comments?post=20684"}],"version-history":[{"count":0,"href":"https:\/\/museuflorestal.ambiente.sp.gov.br\/acervo\/wp-json\/wp\/v2\/tnc_col_329_item\/20684\/revisions"}],"wp:featuredmedia":[{"embeddable":true,"href":"https:\/\/museuflorestal.ambiente.sp.gov.br\/acervo\/wp-json\/wp\/v2\/media\/20685"}],"wp:attachment":[{"href":"https:\/\/museuflorestal.ambiente.sp.gov.br\/acervo\/wp-json\/wp\/v2\/media?parent=20684"}],"curies":[{"name":"wp","href":"https:\/\/api.w.org\/{rel}","templated":true}]}}

<p>Quadro retangular com vinte amostras de madeira diversas: Amarelinha, Pessegueiro, Canela-loura; Cabreúva; Açoita; Pinus; Guajuvira; Canafístula; Canela-preta; Canjerana; Canela-pinho; Pinho reflorestado; Angico; Pinho; Marfim; Marmeleiro; Grápia; Louro; Cedro; Peroba. No verso há prego. arame, etiqueta verde &#8220;115&#8221; e etiqueta &#8220;Paraná 0579&#8221;.</p>
