{"id":21269,"date":"2021-12-01T01:34:58","date_gmt":"2021-12-01T03:34:58","guid":{"rendered":"https:\/\/museuflorestal.ambiente.sp.gov.br\/acervo\/?post_type=tnc_col_329_item&#038;p=21269"},"modified":"2021-12-01T01:35:02","modified_gmt":"2021-12-01T03:35:02","slug":"bandejas","status":"publish","type":"tnc_col_329_item","link":"https:\/\/museuflorestal.ambiente.sp.gov.br\/acervo\/museu-florestal-octavio-vecchi\/bandejas\/","title":{"rendered":"Bandejas"},"content":{"rendered":"<p>Bandejas de diferentes tamanhos e est\u00e1gios de aplica\u00e7\u00e3o de char\u00e3o. Seis delas possuem al\u00e7a e duas n\u00e3o. Possuem as medidas: 44,5&#215;33,4 cm ( de cor mostarda, com al\u00e7a e inscri\u00e7\u00e3o em baixo relevo no fundo &#8220;152&#8221;); 44,5&#215;30,4 cm; 39&#215;27 cm; 40&#215;26 cm; 47&#215;28,4 cm (al\u00e7a quebrada); 36,5&#215;23,7 cm; 49&#215;30,7 cm (sem al\u00e7a); 49&#215;31,2 cm (sem al\u00e7a).<\/p>\n","protected":false},"featured_media":21270,"parent":0,"menu_order":0,"comment_status":"closed","ping_status":"closed","template":"","format":"standard","_links":{"self":[{"href":"https:\/\/museuflorestal.ambiente.sp.gov.br\/acervo\/wp-json\/wp\/v2\/tnc_col_329_item\/21269"}],"collection":[{"href":"https:\/\/museuflorestal.ambiente.sp.gov.br\/acervo\/wp-json\/wp\/v2\/tnc_col_329_item"}],"about":[{"href":"https:\/\/museuflorestal.ambiente.sp.gov.br\/acervo\/wp-json\/wp\/v2\/types\/tnc_col_329_item"}],"replies":[{"embeddable":true,"href":"https:\/\/museuflorestal.ambiente.sp.gov.br\/acervo\/wp-json\/wp\/v2\/comments?post=21269"}],"version-history":[{"count":0,"href":"https:\/\/museuflorestal.ambiente.sp.gov.br\/acervo\/wp-json\/wp\/v2\/tnc_col_329_item\/21269\/revisions"}],"wp:featuredmedia":[{"embeddable":true,"href":"https:\/\/museuflorestal.ambiente.sp.gov.br\/acervo\/wp-json\/wp\/v2\/media\/21270"}],"wp:attachment":[{"href":"https:\/\/museuflorestal.ambiente.sp.gov.br\/acervo\/wp-json\/wp\/v2\/media?parent=21269"}],"curies":[{"name":"wp","href":"https:\/\/api.w.org\/{rel}","templated":true}]}}

<p>Bandejas de diferentes tamanhos e estágios de aplicação de charão. Seis delas possuem alça e duas não. Possuem as medidas: 44,5&#215;33,4 cm ( de cor mostarda, com alça e inscrição em baixo relevo no fundo &#8220;152&#8221;); 44,5&#215;30,4 cm; 39&#215;27 cm; 40&#215;26 cm; 47&#215;28,4 cm (alça quebrada); 36,5&#215;23,7 cm; 49&#215;30,7 cm (sem alça); 49&#215;31,2 cm (sem alça).</p>
