{"id":21276,"date":"2021-12-01T01:35:16","date_gmt":"2021-12-01T03:35:16","guid":{"rendered":"https:\/\/museuflorestal.ambiente.sp.gov.br\/acervo\/?post_type=tnc_col_329_item&#038;p=21276"},"modified":"2021-12-01T01:35:21","modified_gmt":"2021-12-01T03:35:21","slug":"bandejas-2","status":"publish","type":"tnc_col_329_item","link":"https:\/\/museuflorestal.ambiente.sp.gov.br\/acervo\/museu-florestal-octavio-vecchi\/bandejas-2\/","title":{"rendered":"Bandejas"},"content":{"rendered":"<p>Bandejas de madeira sem aplica\u00e7\u00e3o de char\u00e3o, com as medidas: 39,4&#215;26 cm (com etiqueta &#8220;OB-115&#8221;); 35&#215;26 cm (etiqueta no fundo &#8220;Instituto Florestal&#8221; e &#8220;CH-15&#8221;)<\/p>\n","protected":false},"featured_media":21277,"parent":0,"menu_order":0,"comment_status":"closed","ping_status":"closed","template":"","format":"standard","_links":{"self":[{"href":"https:\/\/museuflorestal.ambiente.sp.gov.br\/acervo\/wp-json\/wp\/v2\/tnc_col_329_item\/21276"}],"collection":[{"href":"https:\/\/museuflorestal.ambiente.sp.gov.br\/acervo\/wp-json\/wp\/v2\/tnc_col_329_item"}],"about":[{"href":"https:\/\/museuflorestal.ambiente.sp.gov.br\/acervo\/wp-json\/wp\/v2\/types\/tnc_col_329_item"}],"replies":[{"embeddable":true,"href":"https:\/\/museuflorestal.ambiente.sp.gov.br\/acervo\/wp-json\/wp\/v2\/comments?post=21276"}],"version-history":[{"count":0,"href":"https:\/\/museuflorestal.ambiente.sp.gov.br\/acervo\/wp-json\/wp\/v2\/tnc_col_329_item\/21276\/revisions"}],"wp:featuredmedia":[{"embeddable":true,"href":"https:\/\/museuflorestal.ambiente.sp.gov.br\/acervo\/wp-json\/wp\/v2\/media\/21277"}],"wp:attachment":[{"href":"https:\/\/museuflorestal.ambiente.sp.gov.br\/acervo\/wp-json\/wp\/v2\/media?parent=21276"}],"curies":[{"name":"wp","href":"https:\/\/api.w.org\/{rel}","templated":true}]}}

<p>Bandejas de madeira sem aplicação de charão, com as medidas: 39,4&#215;26 cm (com etiqueta &#8220;OB-115&#8221;); 35&#215;26 cm (etiqueta no fundo &#8220;Instituto Florestal&#8221; e &#8220;CH-15&#8221;)</p>
