{"id":21283,"date":"2021-12-01T01:35:34","date_gmt":"2021-12-01T03:35:34","guid":{"rendered":"https:\/\/museuflorestal.ambiente.sp.gov.br\/acervo\/?post_type=tnc_col_329_item&#038;p=21283"},"modified":"2021-12-01T01:35:37","modified_gmt":"2021-12-01T03:35:37","slug":"placas","status":"publish","type":"tnc_col_329_item","link":"https:\/\/museuflorestal.ambiente.sp.gov.br\/acervo\/museu-florestal-octavio-vecchi\/placas\/","title":{"rendered":"Placas"},"content":{"rendered":"<p>Placas de madeira com aplica\u00e7\u00e3o de char\u00e3o. Duas possuem as medidas de 39x28x0,5 cm (com aplica\u00e7\u00e3o de char\u00e3o na parte superior; em uma delas h\u00e1 a inscri\u00e7\u00e3o &#8220;Amalia&#8221; na parte de baixo da pe\u00e7a); uma com 42x27x0,5 cm; e outra com 46,5x34x0,5 cm.<\/p>\n","protected":false},"featured_media":21284,"parent":0,"menu_order":0,"comment_status":"closed","ping_status":"closed","template":"","format":"standard","_links":{"self":[{"href":"https:\/\/museuflorestal.ambiente.sp.gov.br\/acervo\/wp-json\/wp\/v2\/tnc_col_329_item\/21283"}],"collection":[{"href":"https:\/\/museuflorestal.ambiente.sp.gov.br\/acervo\/wp-json\/wp\/v2\/tnc_col_329_item"}],"about":[{"href":"https:\/\/museuflorestal.ambiente.sp.gov.br\/acervo\/wp-json\/wp\/v2\/types\/tnc_col_329_item"}],"replies":[{"embeddable":true,"href":"https:\/\/museuflorestal.ambiente.sp.gov.br\/acervo\/wp-json\/wp\/v2\/comments?post=21283"}],"version-history":[{"count":0,"href":"https:\/\/museuflorestal.ambiente.sp.gov.br\/acervo\/wp-json\/wp\/v2\/tnc_col_329_item\/21283\/revisions"}],"wp:featuredmedia":[{"embeddable":true,"href":"https:\/\/museuflorestal.ambiente.sp.gov.br\/acervo\/wp-json\/wp\/v2\/media\/21284"}],"wp:attachment":[{"href":"https:\/\/museuflorestal.ambiente.sp.gov.br\/acervo\/wp-json\/wp\/v2\/media?parent=21283"}],"curies":[{"name":"wp","href":"https:\/\/api.w.org\/{rel}","templated":true}]}}

<p>Placas de madeira com aplicação de charão. Duas possuem as medidas de 39x28x0,5 cm (com aplicação de charão na parte superior; em uma delas há a inscrição &#8220;Amalia&#8221; na parte de baixo da peça); uma com 42x27x0,5 cm; e outra com 46,5x34x0,5 cm.</p>
