{"id":2326,"date":"2021-11-30T12:34:39","date_gmt":"2021-11-30T14:34:39","guid":{"rendered":"https:\/\/museuflorestal.ambiente.sp.gov.br\/acervo\/?post_type=tnc_col_329_item&#038;p=2326"},"modified":"2021-11-30T12:34:41","modified_gmt":"2021-11-30T14:34:41","slug":"prancha-de-arariba-amarelo","status":"publish","type":"tnc_col_329_item","link":"https:\/\/museuflorestal.ambiente.sp.gov.br\/acervo\/museu-florestal-octavio-vecchi\/prancha-de-arariba-amarelo\/","title":{"rendered":"Prancha de ararib\u00e1-amarelo"},"content":{"rendered":"<p>Prancha em formato retangular, com al\u00e7a em madeira torneada e encaixe para fixa\u00e7\u00e3o de tacha. Possui uma das faces envernizada com entalhe de galho, folhagem, sementes e o ano &#8220;1930&#8221;. Base com furo, topo com o entalhe &#8220;M283, e lateral oposta \u00e0 al\u00e7a com o c\u00f3digo &#8220;MT-100&#8221; \u00e0 caneta azul.<\/p>\n","protected":false},"featured_media":2327,"parent":0,"menu_order":0,"comment_status":"closed","ping_status":"closed","template":"","format":"standard","_links":{"self":[{"href":"https:\/\/museuflorestal.ambiente.sp.gov.br\/acervo\/wp-json\/wp\/v2\/tnc_col_329_item\/2326"}],"collection":[{"href":"https:\/\/museuflorestal.ambiente.sp.gov.br\/acervo\/wp-json\/wp\/v2\/tnc_col_329_item"}],"about":[{"href":"https:\/\/museuflorestal.ambiente.sp.gov.br\/acervo\/wp-json\/wp\/v2\/types\/tnc_col_329_item"}],"replies":[{"embeddable":true,"href":"https:\/\/museuflorestal.ambiente.sp.gov.br\/acervo\/wp-json\/wp\/v2\/comments?post=2326"}],"version-history":[{"count":0,"href":"https:\/\/museuflorestal.ambiente.sp.gov.br\/acervo\/wp-json\/wp\/v2\/tnc_col_329_item\/2326\/revisions"}],"wp:featuredmedia":[{"embeddable":true,"href":"https:\/\/museuflorestal.ambiente.sp.gov.br\/acervo\/wp-json\/wp\/v2\/media\/2327"}],"wp:attachment":[{"href":"https:\/\/museuflorestal.ambiente.sp.gov.br\/acervo\/wp-json\/wp\/v2\/media?parent=2326"}],"curies":[{"name":"wp","href":"https:\/\/api.w.org\/{rel}","templated":true}]}}

Prancha de araribá-amarelo

<p>Prancha em formato retangular, com alça em madeira torneada e encaixe para fixação de tacha. Possui uma das faces envernizada com entalhe de galho, folhagem, sementes e o ano &#8220;1930&#8221;. Base com furo, topo com o entalhe &#8220;M283, e lateral oposta à alça com o código &#8220;MT-100&#8221; à caneta azul.</p>
