{"id":2416,"date":"2021-11-30T12:37:08","date_gmt":"2021-11-30T14:37:08","guid":{"rendered":"https:\/\/museuflorestal.ambiente.sp.gov.br\/acervo\/?post_type=tnc_col_329_item&#038;p=2416"},"modified":"2021-11-30T12:37:11","modified_gmt":"2021-11-30T14:37:11","slug":"prancha-de-ipe-felpudo","status":"publish","type":"tnc_col_329_item","link":"https:\/\/museuflorestal.ambiente.sp.gov.br\/acervo\/museu-florestal-octavio-vecchi\/prancha-de-ipe-felpudo\/","title":{"rendered":"Prancha de ip\u00ea-felpudo"},"content":{"rendered":"<p>Prancha em formato retangular, com al\u00e7a em madeira torneada e encaixe para fixa\u00e7\u00e3o de tacha. Possui uma das faces envernizada com a etiqueta &#8220;378 Ip\u00ea-felpudo Zeyheria tuberculata bur. Bignoniaceae&#8221;. Topo com o entalhe &#8220;M378&#8221;. Lateral com o c\u00f3digo \u00e0 caneta &#8220;MT-146&#8221; e anota\u00e7\u00f5es \u00e0 l\u00e1pis. Base com furo.<\/p>\n","protected":false},"featured_media":2420,"parent":0,"menu_order":0,"comment_status":"closed","ping_status":"closed","template":"","format":"standard","_links":{"self":[{"href":"https:\/\/museuflorestal.ambiente.sp.gov.br\/acervo\/wp-json\/wp\/v2\/tnc_col_329_item\/2416"}],"collection":[{"href":"https:\/\/museuflorestal.ambiente.sp.gov.br\/acervo\/wp-json\/wp\/v2\/tnc_col_329_item"}],"about":[{"href":"https:\/\/museuflorestal.ambiente.sp.gov.br\/acervo\/wp-json\/wp\/v2\/types\/tnc_col_329_item"}],"replies":[{"embeddable":true,"href":"https:\/\/museuflorestal.ambiente.sp.gov.br\/acervo\/wp-json\/wp\/v2\/comments?post=2416"}],"version-history":[{"count":0,"href":"https:\/\/museuflorestal.ambiente.sp.gov.br\/acervo\/wp-json\/wp\/v2\/tnc_col_329_item\/2416\/revisions"}],"wp:featuredmedia":[{"embeddable":true,"href":"https:\/\/museuflorestal.ambiente.sp.gov.br\/acervo\/wp-json\/wp\/v2\/media\/2420"}],"wp:attachment":[{"href":"https:\/\/museuflorestal.ambiente.sp.gov.br\/acervo\/wp-json\/wp\/v2\/media?parent=2416"}],"curies":[{"name":"wp","href":"https:\/\/api.w.org\/{rel}","templated":true}]}}

Prancha de ipê-felpudo

<p>Prancha em formato retangular, com alça em madeira torneada e encaixe para fixação de tacha. Possui uma das faces envernizada com a etiqueta &#8220;378 Ipê-felpudo Zeyheria tuberculata bur. Bignoniaceae&#8221;. Topo com o entalhe &#8220;M378&#8221;. Lateral com o código à caneta &#8220;MT-146&#8221; e anotações à lápis. Base com furo.</p>
