{"id":2541,"date":"2021-11-30T12:40:54","date_gmt":"2021-11-30T14:40:54","guid":{"rendered":"https:\/\/museuflorestal.ambiente.sp.gov.br\/acervo\/?post_type=tnc_col_329_item&#038;p=2541"},"modified":"2021-11-30T12:40:56","modified_gmt":"2021-11-30T14:40:56","slug":"prancha-de-uruba","status":"publish","type":"tnc_col_329_item","link":"https:\/\/museuflorestal.ambiente.sp.gov.br\/acervo\/museu-florestal-octavio-vecchi\/prancha-de-uruba\/","title":{"rendered":"Prancha de urub\u00e1"},"content":{"rendered":"<p>Prancha em formato retangular, com al\u00e7a em madeira torneada e tacha de metal. Possui uma das faces envernizada. Base com furo. Topo com o entalhe &#8220;M356&#8221;. Face sem verniz com a inscri\u00e7\u00e3o a l\u00e1pis &#8220;Urub\u00e1&#8221;. Lateral oposta \u00e0 al\u00e7a com a inscri\u00e7\u00e3o \u00e0 caneta azul &#8220;MT-129&#8221;.<\/p>\n","protected":false},"featured_media":2543,"parent":0,"menu_order":0,"comment_status":"closed","ping_status":"closed","template":"","format":"standard","_links":{"self":[{"href":"https:\/\/museuflorestal.ambiente.sp.gov.br\/acervo\/wp-json\/wp\/v2\/tnc_col_329_item\/2541"}],"collection":[{"href":"https:\/\/museuflorestal.ambiente.sp.gov.br\/acervo\/wp-json\/wp\/v2\/tnc_col_329_item"}],"about":[{"href":"https:\/\/museuflorestal.ambiente.sp.gov.br\/acervo\/wp-json\/wp\/v2\/types\/tnc_col_329_item"}],"replies":[{"embeddable":true,"href":"https:\/\/museuflorestal.ambiente.sp.gov.br\/acervo\/wp-json\/wp\/v2\/comments?post=2541"}],"version-history":[{"count":0,"href":"https:\/\/museuflorestal.ambiente.sp.gov.br\/acervo\/wp-json\/wp\/v2\/tnc_col_329_item\/2541\/revisions"}],"wp:featuredmedia":[{"embeddable":true,"href":"https:\/\/museuflorestal.ambiente.sp.gov.br\/acervo\/wp-json\/wp\/v2\/media\/2543"}],"wp:attachment":[{"href":"https:\/\/museuflorestal.ambiente.sp.gov.br\/acervo\/wp-json\/wp\/v2\/media?parent=2541"}],"curies":[{"name":"wp","href":"https:\/\/api.w.org\/{rel}","templated":true}]}}

Prancha de urubá

<p>Prancha em formato retangular, com alça em madeira torneada e tacha de metal. Possui uma das faces envernizada. Base com furo. Topo com o entalhe &#8220;M356&#8221;. Face sem verniz com a inscrição a lápis &#8220;Urubá&#8221;. Lateral oposta à alça com a inscrição à caneta azul &#8220;MT-129&#8221;.</p>
