{"id":2812,"date":"2021-11-30T12:45:24","date_gmt":"2021-11-30T14:45:24","guid":{"rendered":"https:\/\/museuflorestal.ambiente.sp.gov.br\/acervo\/?post_type=tnc_col_329_item&#038;p=2812"},"modified":"2021-11-30T12:45:26","modified_gmt":"2021-11-30T14:45:26","slug":"prancha-de-cabreuva-vermelha","status":"publish","type":"tnc_col_329_item","link":"https:\/\/museuflorestal.ambiente.sp.gov.br\/acervo\/museu-florestal-octavio-vecchi\/prancha-de-cabreuva-vermelha\/","title":{"rendered":"Prancha de cabre\u00fava-vermelha"},"content":{"rendered":"<p>Prancha em formato retangular, com al\u00e7a em madeira torneada e encaixe para fixa\u00e7\u00e3o de tacha. Possui uma das faces envernizada com entalhe de galho, folhagem, sementes e o ano &#8220;1930&#8221;. Base com furo. Topo com o entalhe &#8220;M290&#8221;. Lateral oposta \u00e0 al\u00e7a com o c\u00f3digo &#8220;MT-101&#8221; \u00e0 caneta azul e a inscri\u00e7\u00e3o a l\u00e1pis &#8220;-143-&#8220;, &#8220;Cabre\u00fava vermelha&#8221;.<\/p>\n","protected":false},"featured_media":2814,"parent":0,"menu_order":0,"comment_status":"closed","ping_status":"closed","template":"","format":"standard","_links":{"self":[{"href":"https:\/\/museuflorestal.ambiente.sp.gov.br\/acervo\/wp-json\/wp\/v2\/tnc_col_329_item\/2812"}],"collection":[{"href":"https:\/\/museuflorestal.ambiente.sp.gov.br\/acervo\/wp-json\/wp\/v2\/tnc_col_329_item"}],"about":[{"href":"https:\/\/museuflorestal.ambiente.sp.gov.br\/acervo\/wp-json\/wp\/v2\/types\/tnc_col_329_item"}],"replies":[{"embeddable":true,"href":"https:\/\/museuflorestal.ambiente.sp.gov.br\/acervo\/wp-json\/wp\/v2\/comments?post=2812"}],"version-history":[{"count":0,"href":"https:\/\/museuflorestal.ambiente.sp.gov.br\/acervo\/wp-json\/wp\/v2\/tnc_col_329_item\/2812\/revisions"}],"wp:featuredmedia":[{"embeddable":true,"href":"https:\/\/museuflorestal.ambiente.sp.gov.br\/acervo\/wp-json\/wp\/v2\/media\/2814"}],"wp:attachment":[{"href":"https:\/\/museuflorestal.ambiente.sp.gov.br\/acervo\/wp-json\/wp\/v2\/media?parent=2812"}],"curies":[{"name":"wp","href":"https:\/\/api.w.org\/{rel}","templated":true}]}}

Prancha de cabreúva-vermelha

<p>Prancha em formato retangular, com alça em madeira torneada e encaixe para fixação de tacha. Possui uma das faces envernizada com entalhe de galho, folhagem, sementes e o ano &#8220;1930&#8221;. Base com furo. Topo com o entalhe &#8220;M290&#8221;. Lateral oposta à alça com o código &#8220;MT-101&#8221; à caneta azul e a inscrição a lápis &#8220;-143-&#8220;, &#8220;Cabreúva vermelha&#8221;.</p>
