{"id":2839,"date":"2021-11-30T12:45:52","date_gmt":"2021-11-30T14:45:52","guid":{"rendered":"https:\/\/museuflorestal.ambiente.sp.gov.br\/acervo\/?post_type=tnc_col_329_item&#038;p=2839"},"modified":"2021-11-30T12:45:54","modified_gmt":"2021-11-30T14:45:54","slug":"prancha-de-barbatimao","status":"publish","type":"tnc_col_329_item","link":"https:\/\/museuflorestal.ambiente.sp.gov.br\/acervo\/museu-florestal-octavio-vecchi\/prancha-de-barbatimao\/","title":{"rendered":"Prancha de barbatim\u00e3o"},"content":{"rendered":"<p>Prancha em formato retangular, com al\u00e7a em madeira torneada e encaixe para fixa\u00e7\u00e3o de tacha. Possui uma das faces envernizada com entalhe de galho, folhagem, sementes e o ano &#8220;1930&#8221;. Base com furo. Topo com o entalhe &#8220;M328&#8221;. Lateral oposta \u00e0 al\u00e7a com o c\u00f3digo &#8220;MT-106&#8221; \u00e0 caneta azul e a inscri\u00e7\u00e3o a l\u00e1pis &#8220;-23-&#8220;, &#8220;Barba tim\u00e3o&#8221;, e etiqueta &#8220;Barba tim\u00e3o, [nome cient\u00edfico], [fam\u00edlia]&#8221;.<\/p>\n","protected":false},"featured_media":2841,"parent":0,"menu_order":0,"comment_status":"closed","ping_status":"closed","template":"","format":"standard","_links":{"self":[{"href":"https:\/\/museuflorestal.ambiente.sp.gov.br\/acervo\/wp-json\/wp\/v2\/tnc_col_329_item\/2839"}],"collection":[{"href":"https:\/\/museuflorestal.ambiente.sp.gov.br\/acervo\/wp-json\/wp\/v2\/tnc_col_329_item"}],"about":[{"href":"https:\/\/museuflorestal.ambiente.sp.gov.br\/acervo\/wp-json\/wp\/v2\/types\/tnc_col_329_item"}],"replies":[{"embeddable":true,"href":"https:\/\/museuflorestal.ambiente.sp.gov.br\/acervo\/wp-json\/wp\/v2\/comments?post=2839"}],"version-history":[{"count":0,"href":"https:\/\/museuflorestal.ambiente.sp.gov.br\/acervo\/wp-json\/wp\/v2\/tnc_col_329_item\/2839\/revisions"}],"wp:featuredmedia":[{"embeddable":true,"href":"https:\/\/museuflorestal.ambiente.sp.gov.br\/acervo\/wp-json\/wp\/v2\/media\/2841"}],"wp:attachment":[{"href":"https:\/\/museuflorestal.ambiente.sp.gov.br\/acervo\/wp-json\/wp\/v2\/media?parent=2839"}],"curies":[{"name":"wp","href":"https:\/\/api.w.org\/{rel}","templated":true}]}}

Prancha de barbatimão

<p>Prancha em formato retangular, com alça em madeira torneada e encaixe para fixação de tacha. Possui uma das faces envernizada com entalhe de galho, folhagem, sementes e o ano &#8220;1930&#8221;. Base com furo. Topo com o entalhe &#8220;M328&#8221;. Lateral oposta à alça com o código &#8220;MT-106&#8221; à caneta azul e a inscrição a lápis &#8220;-23-&#8220;, &#8220;Barba timão&#8221;, e etiqueta &#8220;Barba timão, [nome científico], [família]&#8221;.</p>
