{"id":2879,"date":"2021-11-30T12:47:00","date_gmt":"2021-11-30T14:47:00","guid":{"rendered":"https:\/\/museuflorestal.ambiente.sp.gov.br\/acervo\/?post_type=tnc_col_329_item&#038;p=2879"},"modified":"2021-11-30T12:47:03","modified_gmt":"2021-11-30T14:47:03","slug":"prancha-de-angico-rajado","status":"publish","type":"tnc_col_329_item","link":"https:\/\/museuflorestal.ambiente.sp.gov.br\/acervo\/museu-florestal-octavio-vecchi\/prancha-de-angico-rajado\/","title":{"rendered":"Prancha de angico-rajado"},"content":{"rendered":"<p>Prancha em formato retangular, com al\u00e7a em madeira torneada e encaixe para fixa\u00e7\u00e3o de tacha. Possui uma das faces envernizada com entalhe de galho, folhagem, sementes e o ano &#8220;1930&#8221;. Base com furo. Topo com o entalhe &#8220;M255&#8221;. Lateral oposta \u00e0 al\u00e7a com o c\u00f3digo &#8220;MT-98&#8221; \u00e0 caneta azul, inscri\u00e7\u00e3o a l\u00e1pis e etiqueta com a marca\u00e7\u00e3o &#8220;Angico rajado, [nome cient\u00edfico], [fam\u00edlia]&#8221;. Face sem verniz com a inscri\u00e7\u00e3o a l\u00e1pis &#8220;Angico rajado&#8221;.<\/p>\n","protected":false},"featured_media":2881,"parent":0,"menu_order":0,"comment_status":"closed","ping_status":"closed","template":"","format":"standard","_links":{"self":[{"href":"https:\/\/museuflorestal.ambiente.sp.gov.br\/acervo\/wp-json\/wp\/v2\/tnc_col_329_item\/2879"}],"collection":[{"href":"https:\/\/museuflorestal.ambiente.sp.gov.br\/acervo\/wp-json\/wp\/v2\/tnc_col_329_item"}],"about":[{"href":"https:\/\/museuflorestal.ambiente.sp.gov.br\/acervo\/wp-json\/wp\/v2\/types\/tnc_col_329_item"}],"replies":[{"embeddable":true,"href":"https:\/\/museuflorestal.ambiente.sp.gov.br\/acervo\/wp-json\/wp\/v2\/comments?post=2879"}],"version-history":[{"count":0,"href":"https:\/\/museuflorestal.ambiente.sp.gov.br\/acervo\/wp-json\/wp\/v2\/tnc_col_329_item\/2879\/revisions"}],"wp:featuredmedia":[{"embeddable":true,"href":"https:\/\/museuflorestal.ambiente.sp.gov.br\/acervo\/wp-json\/wp\/v2\/media\/2881"}],"wp:attachment":[{"href":"https:\/\/museuflorestal.ambiente.sp.gov.br\/acervo\/wp-json\/wp\/v2\/media?parent=2879"}],"curies":[{"name":"wp","href":"https:\/\/api.w.org\/{rel}","templated":true}]}}

<p>Prancha em formato retangular, com alça em madeira torneada e encaixe para fixação de tacha. Possui uma das faces envernizada com entalhe de galho, folhagem, sementes e o ano &#8220;1930&#8221;. Base com furo. Topo com o entalhe &#8220;M255&#8221;. Lateral oposta à alça com o código &#8220;MT-98&#8221; à caneta azul, inscrição a lápis e etiqueta com a marcação &#8220;Angico rajado, [nome científico], [família]&#8221;. Face sem verniz com a inscrição a lápis &#8220;Angico rajado&#8221;.</p>
