{"id":3014,"date":"2021-11-30T12:51:14","date_gmt":"2021-11-30T14:51:14","guid":{"rendered":"https:\/\/museuflorestal.ambiente.sp.gov.br\/acervo\/?post_type=tnc_col_329_item&#038;p=3014"},"modified":"2021-11-30T12:51:17","modified_gmt":"2021-11-30T14:51:17","slug":"prancha-de-jequitiba-vermelho","status":"publish","type":"tnc_col_329_item","link":"https:\/\/museuflorestal.ambiente.sp.gov.br\/acervo\/museu-florestal-octavio-vecchi\/prancha-de-jequitiba-vermelho\/","title":{"rendered":"Prancha de jequitib\u00e1-vermelho"},"content":{"rendered":"<p>Prancha em formato retangular, com al\u00e7a em madeira torneada e encaixe para fixa\u00e7\u00e3o de tacha. Possui uma das faces envernizada com entalhe de galho, folhagem, sementes e o ano &#8220;1930&#8221;. Base com furo. Topo com o entalhe &#8220;M341&#8221;. Lateral oposta \u00e0 al\u00e7a com o c\u00f3digo &#8220;MT-116&#8221; \u00e0 caneta azul, as inscri\u00e7\u00f5es a l\u00e1pis &#8220;119&#8221;, &#8220;Jequitib\u00e1 vermelho&#8221;, &#8220;208&#8221;, e etiqueta com a marca\u00e7\u00e3o &#8220;Jequitib\u00e1 vermelho, [nome cientifico], [fam\u00edlia]&#8221;. Face sem verniz com a inscri\u00e7\u00e3o a l\u00e1pis &#8220;Jequitib\u00e1 vermelho&#8221;.<\/p>\n","protected":false},"featured_media":3016,"parent":0,"menu_order":0,"comment_status":"closed","ping_status":"closed","template":"","format":"standard","_links":{"self":[{"href":"https:\/\/museuflorestal.ambiente.sp.gov.br\/acervo\/wp-json\/wp\/v2\/tnc_col_329_item\/3014"}],"collection":[{"href":"https:\/\/museuflorestal.ambiente.sp.gov.br\/acervo\/wp-json\/wp\/v2\/tnc_col_329_item"}],"about":[{"href":"https:\/\/museuflorestal.ambiente.sp.gov.br\/acervo\/wp-json\/wp\/v2\/types\/tnc_col_329_item"}],"replies":[{"embeddable":true,"href":"https:\/\/museuflorestal.ambiente.sp.gov.br\/acervo\/wp-json\/wp\/v2\/comments?post=3014"}],"version-history":[{"count":0,"href":"https:\/\/museuflorestal.ambiente.sp.gov.br\/acervo\/wp-json\/wp\/v2\/tnc_col_329_item\/3014\/revisions"}],"wp:featuredmedia":[{"embeddable":true,"href":"https:\/\/museuflorestal.ambiente.sp.gov.br\/acervo\/wp-json\/wp\/v2\/media\/3016"}],"wp:attachment":[{"href":"https:\/\/museuflorestal.ambiente.sp.gov.br\/acervo\/wp-json\/wp\/v2\/media?parent=3014"}],"curies":[{"name":"wp","href":"https:\/\/api.w.org\/{rel}","templated":true}]}}

Prancha de jequitibá-vermelho

<p>Prancha em formato retangular, com alça em madeira torneada e encaixe para fixação de tacha. Possui uma das faces envernizada com entalhe de galho, folhagem, sementes e o ano &#8220;1930&#8221;. Base com furo. Topo com o entalhe &#8220;M341&#8221;. Lateral oposta à alça com o código &#8220;MT-116&#8221; à caneta azul, as inscrições a lápis &#8220;119&#8221;, &#8220;Jequitibá vermelho&#8221;, &#8220;208&#8221;, e etiqueta com a marcação &#8220;Jequitibá vermelho, [nome cientifico], [família]&#8221;. Face sem verniz com a inscrição a lápis &#8220;Jequitibá vermelho&#8221;.</p>
