{"id":3277,"date":"2021-11-30T12:59:02","date_gmt":"2021-11-30T14:59:02","guid":{"rendered":"https:\/\/museuflorestal.ambiente.sp.gov.br\/acervo\/?post_type=tnc_col_329_item&#038;p=3277"},"modified":"2021-11-30T12:59:05","modified_gmt":"2021-11-30T14:59:05","slug":"prancha-de-gumbijava","status":"publish","type":"tnc_col_329_item","link":"https:\/\/museuflorestal.ambiente.sp.gov.br\/acervo\/museu-florestal-octavio-vecchi\/prancha-de-gumbijava\/","title":{"rendered":"Prancha de gumbijava"},"content":{"rendered":"<p>Prancha em formato retangular, com al\u00e7a em madeira torneada e encaixe para fixa\u00e7\u00e3o de tacha. Possui uma das faces envernizada com entalhe de galho, folhagem, sementes e o ano &#8220;1937&#8221;. Base com furo. Topo com o entalhe &#8220;M245&#8221;. Lateral oposta \u00e0 al\u00e7a com o c\u00f3digo &#8220;MT-4&#8221; \u00e0 caneta azul, e as inscri\u00e7\u00f5es a l\u00e1pis &#8220;Gumbijava&#8221;, &#8220;55&#8221;, &#8220;JM n. 180&#8221; e &#8220;G&#8221;.<\/p>\n","protected":false},"featured_media":3279,"parent":0,"menu_order":0,"comment_status":"closed","ping_status":"closed","template":"","format":"standard","_links":{"self":[{"href":"https:\/\/museuflorestal.ambiente.sp.gov.br\/acervo\/wp-json\/wp\/v2\/tnc_col_329_item\/3277"}],"collection":[{"href":"https:\/\/museuflorestal.ambiente.sp.gov.br\/acervo\/wp-json\/wp\/v2\/tnc_col_329_item"}],"about":[{"href":"https:\/\/museuflorestal.ambiente.sp.gov.br\/acervo\/wp-json\/wp\/v2\/types\/tnc_col_329_item"}],"replies":[{"embeddable":true,"href":"https:\/\/museuflorestal.ambiente.sp.gov.br\/acervo\/wp-json\/wp\/v2\/comments?post=3277"}],"version-history":[{"count":0,"href":"https:\/\/museuflorestal.ambiente.sp.gov.br\/acervo\/wp-json\/wp\/v2\/tnc_col_329_item\/3277\/revisions"}],"wp:featuredmedia":[{"embeddable":true,"href":"https:\/\/museuflorestal.ambiente.sp.gov.br\/acervo\/wp-json\/wp\/v2\/media\/3279"}],"wp:attachment":[{"href":"https:\/\/museuflorestal.ambiente.sp.gov.br\/acervo\/wp-json\/wp\/v2\/media?parent=3277"}],"curies":[{"name":"wp","href":"https:\/\/api.w.org\/{rel}","templated":true}]}}

<p>Prancha em formato retangular, com alça em madeira torneada e encaixe para fixação de tacha. Possui uma das faces envernizada com entalhe de galho, folhagem, sementes e o ano &#8220;1937&#8221;. Base com furo. Topo com o entalhe &#8220;M245&#8221;. Lateral oposta à alça com o código &#8220;MT-4&#8221; à caneta azul, e as inscrições a lápis &#8220;Gumbijava&#8221;, &#8220;55&#8221;, &#8220;JM n. 180&#8221; e &#8220;G&#8221;.</p>
