{"id":3296,"date":"2021-11-30T12:59:23","date_gmt":"2021-11-30T14:59:23","guid":{"rendered":"https:\/\/museuflorestal.ambiente.sp.gov.br\/acervo\/?post_type=tnc_col_329_item&#038;p=3296"},"modified":"2021-11-30T12:59:26","modified_gmt":"2021-11-30T14:59:26","slug":"prancha-de-carvalho-brasileiro","status":"publish","type":"tnc_col_329_item","link":"https:\/\/museuflorestal.ambiente.sp.gov.br\/acervo\/museu-florestal-octavio-vecchi\/prancha-de-carvalho-brasileiro\/","title":{"rendered":"Prancha de carvalho-brasileiro"},"content":{"rendered":"<p>Prancha em formato retangular, com al\u00e7a em madeira torneada e encaixe para fixa\u00e7\u00e3o de tacha. Possui uma das faces envernizada com entalhe de galho, folhagem, sementes e o ano &#8220;1941&#8221;. Base com furo. Topo com o entalhe &#8220;M347&#8221;. Lateral oposta \u00e0 al\u00e7a com o c\u00f3digo &#8220;MT-71&#8221; \u00e0 caneta azul, inscri\u00e7\u00f5es a l\u00e1pis e etiqueta com a marca\u00e7\u00e3o &#8220;Carvalho brasileiro, [nome cient\u00edfico, [fam\u00edlia]&#8221;.<\/p>\n","protected":false},"featured_media":3298,"parent":0,"menu_order":0,"comment_status":"closed","ping_status":"closed","template":"","format":"standard","_links":{"self":[{"href":"https:\/\/museuflorestal.ambiente.sp.gov.br\/acervo\/wp-json\/wp\/v2\/tnc_col_329_item\/3296"}],"collection":[{"href":"https:\/\/museuflorestal.ambiente.sp.gov.br\/acervo\/wp-json\/wp\/v2\/tnc_col_329_item"}],"about":[{"href":"https:\/\/museuflorestal.ambiente.sp.gov.br\/acervo\/wp-json\/wp\/v2\/types\/tnc_col_329_item"}],"replies":[{"embeddable":true,"href":"https:\/\/museuflorestal.ambiente.sp.gov.br\/acervo\/wp-json\/wp\/v2\/comments?post=3296"}],"version-history":[{"count":0,"href":"https:\/\/museuflorestal.ambiente.sp.gov.br\/acervo\/wp-json\/wp\/v2\/tnc_col_329_item\/3296\/revisions"}],"wp:featuredmedia":[{"embeddable":true,"href":"https:\/\/museuflorestal.ambiente.sp.gov.br\/acervo\/wp-json\/wp\/v2\/media\/3298"}],"wp:attachment":[{"href":"https:\/\/museuflorestal.ambiente.sp.gov.br\/acervo\/wp-json\/wp\/v2\/media?parent=3296"}],"curies":[{"name":"wp","href":"https:\/\/api.w.org\/{rel}","templated":true}]}}

<p>Prancha em formato retangular, com alça em madeira torneada e encaixe para fixação de tacha. Possui uma das faces envernizada com entalhe de galho, folhagem, sementes e o ano &#8220;1941&#8221;. Base com furo. Topo com o entalhe &#8220;M347&#8221;. Lateral oposta à alça com o código &#8220;MT-71&#8221; à caneta azul, inscrições a lápis e etiqueta com a marcação &#8220;Carvalho brasileiro, [nome científico, [família]&#8221;.</p>
