{"id":3348,"date":"2021-11-30T13:00:24","date_gmt":"2021-11-30T15:00:24","guid":{"rendered":"https:\/\/museuflorestal.ambiente.sp.gov.br\/acervo\/?post_type=tnc_col_329_item&#038;p=3348"},"modified":"2021-11-30T13:00:27","modified_gmt":"2021-11-30T15:00:27","slug":"prancha-de-angico","status":"publish","type":"tnc_col_329_item","link":"https:\/\/museuflorestal.ambiente.sp.gov.br\/acervo\/museu-florestal-octavio-vecchi\/prancha-de-angico\/","title":{"rendered":"Prancha de angico"},"content":{"rendered":"<p>Prancha em formato retangular, com al\u00e7a em madeira torneada. Possui uma das faces envernizada. Topo com o entalhe &#8220;M354&#8221;. Lateral oposta \u00e0 al\u00e7a com o c\u00f3digo &#8220;MT-128&#8221; \u00e0 caneta, e fita adesiva com a inscri\u00e7\u00e3o &#8220;Angico melo ou vermelho, [nome cient\u00edfico]&#8221;.<\/p>\n","protected":false},"featured_media":3350,"parent":0,"menu_order":0,"comment_status":"closed","ping_status":"closed","template":"","format":"standard","_links":{"self":[{"href":"https:\/\/museuflorestal.ambiente.sp.gov.br\/acervo\/wp-json\/wp\/v2\/tnc_col_329_item\/3348"}],"collection":[{"href":"https:\/\/museuflorestal.ambiente.sp.gov.br\/acervo\/wp-json\/wp\/v2\/tnc_col_329_item"}],"about":[{"href":"https:\/\/museuflorestal.ambiente.sp.gov.br\/acervo\/wp-json\/wp\/v2\/types\/tnc_col_329_item"}],"replies":[{"embeddable":true,"href":"https:\/\/museuflorestal.ambiente.sp.gov.br\/acervo\/wp-json\/wp\/v2\/comments?post=3348"}],"version-history":[{"count":0,"href":"https:\/\/museuflorestal.ambiente.sp.gov.br\/acervo\/wp-json\/wp\/v2\/tnc_col_329_item\/3348\/revisions"}],"wp:featuredmedia":[{"embeddable":true,"href":"https:\/\/museuflorestal.ambiente.sp.gov.br\/acervo\/wp-json\/wp\/v2\/media\/3350"}],"wp:attachment":[{"href":"https:\/\/museuflorestal.ambiente.sp.gov.br\/acervo\/wp-json\/wp\/v2\/media?parent=3348"}],"curies":[{"name":"wp","href":"https:\/\/api.w.org\/{rel}","templated":true}]}}

<p>Prancha em formato retangular, com alça em madeira torneada. Possui uma das faces envernizada. Topo com o entalhe &#8220;M354&#8221;. Lateral oposta à alça com o código &#8220;MT-128&#8221; à caneta, e fita adesiva com a inscrição &#8220;Angico melo ou vermelho, [nome científico]&#8221;.</p>
