{"id":3357,"date":"2021-11-30T13:00:35","date_gmt":"2021-11-30T15:00:35","guid":{"rendered":"https:\/\/museuflorestal.ambiente.sp.gov.br\/acervo\/?post_type=tnc_col_329_item&#038;p=3357"},"modified":"2021-11-30T13:00:38","modified_gmt":"2021-11-30T15:00:38","slug":"prancha-de-cedrinho","status":"publish","type":"tnc_col_329_item","link":"https:\/\/museuflorestal.ambiente.sp.gov.br\/acervo\/museu-florestal-octavio-vecchi\/prancha-de-cedrinho\/","title":{"rendered":"Prancha de cedrinho"},"content":{"rendered":"<p>Prancha em formato retangular, com al\u00e7a em madeira torneada e encaixe para fixa\u00e7\u00e3o de tacha. Possui uma das faces envernizada. Topo com o entalhe &#8220;M360&#8221;. Lateral oposta \u00e0 al\u00e7a com o c\u00f3digo &#8220;MT-132&#8221; \u00e0 caneta e as inscri\u00e7\u00f5es a l\u00e1pis &#8220;148&#8221;, &#8220;98&#8221;, &#8220;Sedrinho?&#8221;, &#8220;JM n. [ileg\u00edvel]&#8221;. Face envernizada com uma etiqueta datilografada com a marca\u00e7\u00e3o &#8220;360 Cedrinho, Tapirira sp anacardiaceae&#8221;.<\/p>\n","protected":false},"featured_media":3361,"parent":0,"menu_order":0,"comment_status":"closed","ping_status":"closed","template":"","format":"standard","_links":{"self":[{"href":"https:\/\/museuflorestal.ambiente.sp.gov.br\/acervo\/wp-json\/wp\/v2\/tnc_col_329_item\/3357"}],"collection":[{"href":"https:\/\/museuflorestal.ambiente.sp.gov.br\/acervo\/wp-json\/wp\/v2\/tnc_col_329_item"}],"about":[{"href":"https:\/\/museuflorestal.ambiente.sp.gov.br\/acervo\/wp-json\/wp\/v2\/types\/tnc_col_329_item"}],"replies":[{"embeddable":true,"href":"https:\/\/museuflorestal.ambiente.sp.gov.br\/acervo\/wp-json\/wp\/v2\/comments?post=3357"}],"version-history":[{"count":0,"href":"https:\/\/museuflorestal.ambiente.sp.gov.br\/acervo\/wp-json\/wp\/v2\/tnc_col_329_item\/3357\/revisions"}],"wp:featuredmedia":[{"embeddable":true,"href":"https:\/\/museuflorestal.ambiente.sp.gov.br\/acervo\/wp-json\/wp\/v2\/media\/3361"}],"wp:attachment":[{"href":"https:\/\/museuflorestal.ambiente.sp.gov.br\/acervo\/wp-json\/wp\/v2\/media?parent=3357"}],"curies":[{"name":"wp","href":"https:\/\/api.w.org\/{rel}","templated":true}]}}

<p>Prancha em formato retangular, com alça em madeira torneada e encaixe para fixação de tacha. Possui uma das faces envernizada. Topo com o entalhe &#8220;M360&#8221;. Lateral oposta à alça com o código &#8220;MT-132&#8221; à caneta e as inscrições a lápis &#8220;148&#8221;, &#8220;98&#8221;, &#8220;Sedrinho?&#8221;, &#8220;JM n. [ilegível]&#8221;. Face envernizada com uma etiqueta datilografada com a marcação &#8220;360 Cedrinho, Tapirira sp anacardiaceae&#8221;.</p>
