{"id":3372,"date":"2021-11-30T13:00:52","date_gmt":"2021-11-30T15:00:52","guid":{"rendered":"https:\/\/museuflorestal.ambiente.sp.gov.br\/acervo\/?post_type=tnc_col_329_item&#038;p=3372"},"modified":"2021-11-30T13:00:55","modified_gmt":"2021-11-30T15:00:55","slug":"prancha-de-laranjinha","status":"publish","type":"tnc_col_329_item","link":"https:\/\/museuflorestal.ambiente.sp.gov.br\/acervo\/museu-florestal-octavio-vecchi\/prancha-de-laranjinha\/","title":{"rendered":"Prancha de laranjinha"},"content":{"rendered":"<p>Prancha em formato retangular, com al\u00e7a em madeira torneada e encaixe para fixa\u00e7\u00e3o de tacha. Possui uma das faces envernizada. Topo com o entalhe &#8220;M438&#8221;. Lateral oposta \u00e0 al\u00e7a com o c\u00f3digo &#8220;MT-194&#8221; \u00e0 caneta, e as inscri\u00e7\u00f5es a l\u00e1pis &#8220;06&#8221;, &#8220;171&#8221;, &#8220;Laranjinha&#8221;, &#8220;JM n. 276l&#8221; e &#8220;179&#8221;. Face sem verniz com uma etiqueta datilografada rasurada. Base com furo.<\/p>\n","protected":false},"featured_media":3374,"parent":0,"menu_order":0,"comment_status":"closed","ping_status":"closed","template":"","format":"standard","_links":{"self":[{"href":"https:\/\/museuflorestal.ambiente.sp.gov.br\/acervo\/wp-json\/wp\/v2\/tnc_col_329_item\/3372"}],"collection":[{"href":"https:\/\/museuflorestal.ambiente.sp.gov.br\/acervo\/wp-json\/wp\/v2\/tnc_col_329_item"}],"about":[{"href":"https:\/\/museuflorestal.ambiente.sp.gov.br\/acervo\/wp-json\/wp\/v2\/types\/tnc_col_329_item"}],"replies":[{"embeddable":true,"href":"https:\/\/museuflorestal.ambiente.sp.gov.br\/acervo\/wp-json\/wp\/v2\/comments?post=3372"}],"version-history":[{"count":0,"href":"https:\/\/museuflorestal.ambiente.sp.gov.br\/acervo\/wp-json\/wp\/v2\/tnc_col_329_item\/3372\/revisions"}],"wp:featuredmedia":[{"embeddable":true,"href":"https:\/\/museuflorestal.ambiente.sp.gov.br\/acervo\/wp-json\/wp\/v2\/media\/3374"}],"wp:attachment":[{"href":"https:\/\/museuflorestal.ambiente.sp.gov.br\/acervo\/wp-json\/wp\/v2\/media?parent=3372"}],"curies":[{"name":"wp","href":"https:\/\/api.w.org\/{rel}","templated":true}]}}

<p>Prancha em formato retangular, com alça em madeira torneada e encaixe para fixação de tacha. Possui uma das faces envernizada. Topo com o entalhe &#8220;M438&#8221;. Lateral oposta à alça com o código &#8220;MT-194&#8221; à caneta, e as inscrições a lápis &#8220;06&#8221;, &#8220;171&#8221;, &#8220;Laranjinha&#8221;, &#8220;JM n. 276l&#8221; e &#8220;179&#8221;. Face sem verniz com uma etiqueta datilografada rasurada. Base com furo.</p>
