{"id":3437,"date":"2021-11-30T13:02:39","date_gmt":"2021-11-30T15:02:39","guid":{"rendered":"https:\/\/museuflorestal.ambiente.sp.gov.br\/acervo\/?post_type=tnc_col_329_item&#038;p=3437"},"modified":"2021-11-30T13:02:42","modified_gmt":"2021-11-30T15:02:42","slug":"prancha-de-laranjinha-brava","status":"publish","type":"tnc_col_329_item","link":"https:\/\/museuflorestal.ambiente.sp.gov.br\/acervo\/museu-florestal-octavio-vecchi\/prancha-de-laranjinha-brava\/","title":{"rendered":"Prancha de laranjinha-brava"},"content":{"rendered":"<p>Prancha em formato retangular, com al\u00e7a em madeira torneada e encaixe para fixa\u00e7\u00e3o de tacha. Possui uma das faces envernizada. Topo com o entalhe &#8220;M379&#8221;. Lateral oposta \u00e0 al\u00e7a com o c\u00f3digo &#8220;MT-147&#8221; \u00e0 caneta, e inscri\u00e7\u00e3o a l\u00e1pis. Base com furo. Face envernizada com uma etiqueta datilografada com a inscri\u00e7\u00e3o &#8220;379 Laranjinha brava, [nome cient\u00edfico], [fam\u00edlia]&#8221;.<\/p>\n","protected":false},"featured_media":3439,"parent":0,"menu_order":0,"comment_status":"closed","ping_status":"closed","template":"","format":"standard","_links":{"self":[{"href":"https:\/\/museuflorestal.ambiente.sp.gov.br\/acervo\/wp-json\/wp\/v2\/tnc_col_329_item\/3437"}],"collection":[{"href":"https:\/\/museuflorestal.ambiente.sp.gov.br\/acervo\/wp-json\/wp\/v2\/tnc_col_329_item"}],"about":[{"href":"https:\/\/museuflorestal.ambiente.sp.gov.br\/acervo\/wp-json\/wp\/v2\/types\/tnc_col_329_item"}],"replies":[{"embeddable":true,"href":"https:\/\/museuflorestal.ambiente.sp.gov.br\/acervo\/wp-json\/wp\/v2\/comments?post=3437"}],"version-history":[{"count":0,"href":"https:\/\/museuflorestal.ambiente.sp.gov.br\/acervo\/wp-json\/wp\/v2\/tnc_col_329_item\/3437\/revisions"}],"wp:featuredmedia":[{"embeddable":true,"href":"https:\/\/museuflorestal.ambiente.sp.gov.br\/acervo\/wp-json\/wp\/v2\/media\/3439"}],"wp:attachment":[{"href":"https:\/\/museuflorestal.ambiente.sp.gov.br\/acervo\/wp-json\/wp\/v2\/media?parent=3437"}],"curies":[{"name":"wp","href":"https:\/\/api.w.org\/{rel}","templated":true}]}}

<p>Prancha em formato retangular, com alça em madeira torneada e encaixe para fixação de tacha. Possui uma das faces envernizada. Topo com o entalhe &#8220;M379&#8221;. Lateral oposta à alça com o código &#8220;MT-147&#8221; à caneta, e inscrição a lápis. Base com furo. Face envernizada com uma etiqueta datilografada com a inscrição &#8220;379 Laranjinha brava, [nome científico], [família]&#8221;.</p>
