{"id":3457,"date":"2021-11-30T13:03:13","date_gmt":"2021-11-30T15:03:13","guid":{"rendered":"https:\/\/museuflorestal.ambiente.sp.gov.br\/acervo\/?post_type=tnc_col_329_item&#038;p=3457"},"modified":"2021-11-30T13:03:15","modified_gmt":"2021-11-30T15:03:15","slug":"prancha-de-mimosa-sp-legum-mim","status":"publish","type":"tnc_col_329_item","link":"https:\/\/museuflorestal.ambiente.sp.gov.br\/acervo\/museu-florestal-octavio-vecchi\/prancha-de-mimosa-sp-legum-mim\/","title":{"rendered":"Prancha de mimosa sp. legum. mim."},"content":{"rendered":"<p>Prancha em formato retangular, com al\u00e7a em madeira torneada e encaixe para fixa\u00e7\u00e3o de tacha. Possui uma das faces envernizada. Topo com o entalhe &#8220;M369&#8221;. Lateral oposta \u00e0 al\u00e7a com o c\u00f3digo &#8220;MT-139&#8221; \u00e0 caneta. Base com furo. Face envernizada com uma etiqueta datilografada com a inscri\u00e7\u00e3o &#8220;369 Mimosa sp legum. mim. &#8220;.<\/p>\n","protected":false},"featured_media":3459,"parent":0,"menu_order":0,"comment_status":"closed","ping_status":"closed","template":"","format":"standard","_links":{"self":[{"href":"https:\/\/museuflorestal.ambiente.sp.gov.br\/acervo\/wp-json\/wp\/v2\/tnc_col_329_item\/3457"}],"collection":[{"href":"https:\/\/museuflorestal.ambiente.sp.gov.br\/acervo\/wp-json\/wp\/v2\/tnc_col_329_item"}],"about":[{"href":"https:\/\/museuflorestal.ambiente.sp.gov.br\/acervo\/wp-json\/wp\/v2\/types\/tnc_col_329_item"}],"replies":[{"embeddable":true,"href":"https:\/\/museuflorestal.ambiente.sp.gov.br\/acervo\/wp-json\/wp\/v2\/comments?post=3457"}],"version-history":[{"count":0,"href":"https:\/\/museuflorestal.ambiente.sp.gov.br\/acervo\/wp-json\/wp\/v2\/tnc_col_329_item\/3457\/revisions"}],"wp:featuredmedia":[{"embeddable":true,"href":"https:\/\/museuflorestal.ambiente.sp.gov.br\/acervo\/wp-json\/wp\/v2\/media\/3459"}],"wp:attachment":[{"href":"https:\/\/museuflorestal.ambiente.sp.gov.br\/acervo\/wp-json\/wp\/v2\/media?parent=3457"}],"curies":[{"name":"wp","href":"https:\/\/api.w.org\/{rel}","templated":true}]}}

<p>Prancha em formato retangular, com alça em madeira torneada e encaixe para fixação de tacha. Possui uma das faces envernizada. Topo com o entalhe &#8220;M369&#8221;. Lateral oposta à alça com o código &#8220;MT-139&#8221; à caneta. Base com furo. Face envernizada com uma etiqueta datilografada com a inscrição &#8220;369 Mimosa sp legum. mim. &#8220;.</p>
